CRAN Package Check Results for Package bodenmiller

Last updated on 2023-06-02 20:56:20 CEST.

Flavor Version Tinstall Tcheck Ttotal Status Flags
r-devel-linux-x86_64-debian-clang 0.1.1 9.27 43.21 52.48 OK
r-devel-linux-x86_64-debian-gcc 0.1.1 6.91 34.09 41.00 OK
r-devel-linux-x86_64-fedora-clang 0.1.1 66.64 NOTE
r-devel-linux-x86_64-fedora-gcc 0.1.1 75.89 OK
r-devel-windows-x86_64 0.1.1 9.00 54.00 63.00 NOTE
r-patched-linux-x86_64 0.1.1 OK
r-release-linux-x86_64 0.1.1 8.88 41.97 50.85 OK
r-release-macos-arm64 0.1.1 36.00 NOTE
r-release-macos-x86_64 0.1.1 53.00 NOTE
r-release-windows-x86_64 0.1.1 9.00 61.00 70.00 NOTE
r-oldrel-macos-arm64 0.1.1 34.00 NOTE
r-oldrel-macos-x86_64 0.1.1 40.00 NOTE
r-oldrel-windows-x86_64 0.1.1 14.00 65.00 79.00 NOTE

Check Details

Version: 0.1.1
Check: installed package size
Result: NOTE
     installed size is 7.2Mb
     sub-directories of 1Mb or more:
     data 7.0Mb
Flavors: r-devel-linux-x86_64-fedora-clang, r-devel-windows-x86_64, r-release-macos-arm64, r-release-macos-x86_64, r-release-windows-x86_64, r-oldrel-macos-arm64, r-oldrel-macos-x86_64, r-oldrel-windows-x86_64