Last updated on 2023-11-28 18:49:12 CET.
Flavor | Version | Tinstall | Tcheck | Ttotal | Status | Flags |
---|---|---|---|---|---|---|
r-devel-linux-x86_64-debian-clang | 1.1.5 | 7.57 | 85.11 | 92.68 | OK | |
r-devel-linux-x86_64-debian-gcc | 1.1.5 | 6.43 | 63.58 | 70.01 | OK | |
r-devel-linux-x86_64-fedora-clang | 1.1.5 | 115.04 | NOTE | |||
r-devel-linux-x86_64-fedora-gcc | 1.1.5 | 126.88 | NOTE | |||
r-devel-windows-x86_64 | 1.1.5 | 7.00 | 80.00 | 87.00 | OK | |
r-patched-linux-x86_64 | 1.1.5 | 7.47 | 81.40 | 88.87 | OK | |
r-release-linux-x86_64 | 1.1.5 | 7.56 | 81.23 | 88.79 | OK | |
r-release-macos-arm64 | 1.1.5 | 45.00 | OK | |||
r-release-macos-x86_64 | 1.1.5 | 73.00 | OK | |||
r-release-windows-x86_64 | 1.1.5 | 11.00 | 100.00 | 111.00 | OK | |
r-oldrel-macos-arm64 | 1.1.5 | 34.00 | NOTE | |||
r-oldrel-macos-x86_64 | 1.1.5 | 51.00 | NOTE | |||
r-oldrel-windows-x86_64 | 1.1.5 | 10.00 | 101.00 | 111.00 | OK |
Version: 1.1.5
Check: dependencies in R code
Result: NOTE
Namespaces in Imports field not imported from:
‘HSAUR3’ ‘knitr’ ‘rmarkdown’
All declared Imports should be used.
Flavors: r-devel-linux-x86_64-fedora-clang, r-devel-linux-x86_64-fedora-gcc, r-oldrel-macos-arm64, r-oldrel-macos-x86_64