CRAN Package Check Results for Package boxr

Last updated on 2025-01-22 20:49:26 CET.

Flavor Version Tinstall Tcheck Ttotal Status Flags
r-devel-linux-x86_64-debian-clang 0.3.6 6.73 59.97 66.70 NOTE
r-devel-linux-x86_64-debian-gcc 0.3.6 3.99 44.11 48.10 NOTE
r-devel-linux-x86_64-fedora-clang 0.3.6 118.32 OK
r-devel-linux-x86_64-fedora-gcc 0.3.6 113.76 OK
r-devel-windows-x86_64 0.3.6 9.00 88.00 97.00 NOTE
r-patched-linux-x86_64 0.3.6 13.59 55.49 69.08 OK
r-release-linux-x86_64 0.3.6 5.59 55.45 61.04 OK
r-release-macos-arm64 0.3.6 42.00 OK
r-release-macos-x86_64 0.3.6 72.00 OK
r-release-windows-x86_64 0.3.6 7.00 85.00 92.00 OK
r-oldrel-macos-arm64 0.3.6 43.00 OK
r-oldrel-macos-x86_64 0.3.6 65.00 OK
r-oldrel-windows-x86_64 0.3.6 10.00 93.00 103.00 OK

Check Details

Version: 0.3.6
Check: Rd cross-references
Result: NOTE Found the following Rd file(s) with Rd \link{} targets missing package anchors: box_dir_diff.Rd: digest box_upload_new.Rd: httr boxr_S3_classes.Rd: as_tibble Please provide package anchors for all Rd \link{} targets not in the package itself and the base packages. Flavors: r-devel-linux-x86_64-debian-clang, r-devel-linux-x86_64-debian-gcc, r-devel-windows-x86_64