Last updated on 2023-12-10 18:52:06 CET.
Flavor | Version | Tinstall | Tcheck | Ttotal | Status | Flags |
---|---|---|---|---|---|---|
r-devel-linux-x86_64-debian-clang | 0.1.0 | 7.08 | 57.70 | 64.78 | NOTE | |
r-devel-linux-x86_64-debian-gcc | 0.1.0 | 5.69 | 42.80 | 48.49 | NOTE | |
r-devel-linux-x86_64-fedora-clang | 0.1.0 | 80.06 | NOTE | |||
r-devel-linux-x86_64-fedora-gcc | 0.1.0 | 74.75 | NOTE | |||
r-devel-windows-x86_64 | 0.1.0 | 8.00 | 63.00 | 71.00 | OK | |
r-patched-linux-x86_64 | 0.1.0 | 5.74 | 53.74 | 59.48 | OK | |
r-release-linux-x86_64 | 0.1.0 | 4.98 | 53.46 | 58.44 | OK | |
r-release-macos-arm64 | 0.1.0 | 26.00 | OK | |||
r-release-macos-x86_64 | 0.1.0 | 40.00 | OK | |||
r-release-windows-x86_64 | 0.1.0 | 11.00 | 68.00 | 79.00 | OK | |
r-oldrel-macos-arm64 | 0.1.0 | 26.00 | NOTE | |||
r-oldrel-macos-x86_64 | 0.1.0 | 37.00 | NOTE | |||
r-oldrel-windows-x86_64 | 0.1.0 | 10.00 | 69.00 | 79.00 | OK |
Version: 0.1.0
Check: Rd files
Result: NOTE
checkRd: (-1) printHands.Rd:40: Lost braces in \itemize; meant \describe ?
checkRd: (-1) printHands.Rd:41: Lost braces in \itemize; meant \describe ?
checkRd: (-1) printHands.Rd:42: Lost braces in \itemize; meant \describe ?
Flavors: r-devel-linux-x86_64-debian-clang, r-devel-linux-x86_64-debian-gcc
Version: 0.1.0
Check: dependencies in R code
Result: NOTE
Namespace in Imports field not imported from: ‘kableExtra’
All declared Imports should be used.
Flavors: r-devel-linux-x86_64-fedora-clang, r-devel-linux-x86_64-fedora-gcc, r-oldrel-macos-arm64, r-oldrel-macos-x86_64