Last updated on 2023-09-27 21:01:18 CEST.
Flavor | Version | Tinstall | Tcheck | Ttotal | Status | Flags |
---|---|---|---|---|---|---|
r-devel-linux-x86_64-debian-clang | 0.2.9.4 | 11.06 | 192.86 | 203.92 | NOTE | |
r-devel-linux-x86_64-debian-gcc | 0.2.9.4 | 7.50 | 140.65 | 148.15 | NOTE | |
r-devel-linux-x86_64-fedora-clang | 0.2.9.4 | 262.66 | NOTE | |||
r-devel-linux-x86_64-fedora-gcc | 0.2.9.4 | 265.84 | NOTE | |||
r-devel-windows-x86_64 | 0.2.9.4 | 9.00 | 152.00 | 161.00 | NOTE | |
r-patched-linux-x86_64 | 0.2.9.4 | 7.54 | 180.28 | 187.82 | NOTE | |
r-release-linux-x86_64 | 0.2.9.4 | 6.03 | 176.24 | 182.27 | NOTE | |
r-release-macos-arm64 | 0.2.9.4 | 71.00 | NOTE | |||
r-release-macos-x86_64 | 0.2.9.4 | 118.00 | NOTE | |||
r-release-windows-x86_64 | 0.2.9.4 | 11.00 | 194.00 | 205.00 | NOTE | |
r-oldrel-macos-arm64 | 0.2.9.4 | 65.00 | NOTE | |||
r-oldrel-macos-x86_64 | 0.2.9.4 | 96.00 | NOTE | |||
r-oldrel-windows-x86_64 | 0.2.9.4 | 13.00 | 190.00 | 203.00 | NOTE |
Version: 0.2.9.4
Check: package dependencies
Result: NOTE
Package suggested but not available for checking: ‘glmmADMB’
Flavors: r-devel-linux-x86_64-debian-clang, r-devel-linux-x86_64-debian-gcc, r-devel-linux-x86_64-fedora-clang, r-devel-linux-x86_64-fedora-gcc, r-devel-windows-x86_64, r-patched-linux-x86_64, r-release-macos-arm64, r-release-macos-x86_64, r-release-windows-x86_64, r-oldrel-macos-arm64, r-oldrel-macos-x86_64, r-oldrel-windows-x86_64
Version: 0.2.9.4
Check: package dependencies
Result: NOTE
Packages suggested but not available for checking: 'glmmADMB', 'rstanarm'
Flavor: r-release-linux-x86_64