Last updated on 2023-11-29 18:48:41 CET.
Flavor | Version | Tinstall | Tcheck | Ttotal | Status | Flags |
---|---|---|---|---|---|---|
r-devel-linux-x86_64-debian-clang | 1.3 | 5.11 | 162.36 | 167.47 | OK | |
r-devel-linux-x86_64-debian-gcc | 1.3 | 3.94 | 118.46 | 122.40 | OK | |
r-devel-linux-x86_64-fedora-clang | 1.3 | 208.13 | NOTE | |||
r-devel-linux-x86_64-fedora-gcc | 1.3 | 213.80 | OK | |||
r-devel-windows-x86_64 | 1.3 | 5.00 | 131.00 | 136.00 | NOTE | |
r-patched-linux-x86_64 | 1.3 | 4.04 | 159.54 | 163.58 | OK | |
r-release-linux-x86_64 | 1.3 | 5.04 | 157.88 | 162.92 | OK | |
r-release-macos-arm64 | 1.3 | 64.00 | NOTE | |||
r-release-macos-x86_64 | 1.3 | 98.00 | NOTE | |||
r-release-windows-x86_64 | 1.3 | 6.00 | 150.00 | 156.00 | NOTE | |
r-oldrel-macos-arm64 | 1.3 | 61.00 | NOTE | |||
r-oldrel-macos-x86_64 | 1.3 | 83.00 | NOTE | |||
r-oldrel-windows-x86_64 | 1.3 | 7.00 | 150.00 | 157.00 | NOTE |
Version: 1.3
Check: installed package size
Result: NOTE
installed size is 5.9Mb
sub-directories of 1Mb or more:
doc 5.7Mb
Flavors: r-devel-linux-x86_64-fedora-clang, r-devel-windows-x86_64, r-release-macos-arm64, r-release-macos-x86_64, r-release-windows-x86_64, r-oldrel-macos-arm64, r-oldrel-macos-x86_64, r-oldrel-windows-x86_64