CRAN Package Check Results for Package calculus

Last updated on 2024-06-12 20:58:50 CEST.

Flavor Version Tinstall Tcheck Ttotal Status Flags
r-devel-linux-x86_64-debian-clang 1.0.1 28.07 164.94 193.01 OK
r-devel-linux-x86_64-debian-gcc 1.0.1 21.49 58.47 79.96 ERROR
r-devel-linux-x86_64-fedora-clang 1.0.1 235.09 OK
r-devel-linux-x86_64-fedora-gcc 1.0.1 247.62 OK
r-devel-windows-x86_64 1.0.1 24.00 145.00 169.00 OK
r-patched-linux-x86_64 1.0.1 28.95 153.64 182.59 OK
r-release-linux-x86_64 1.0.1 28.21 153.45 181.66 OK
r-release-macos-arm64 1.0.1 68.00 OK
r-release-macos-x86_64 1.0.1 102.00 OK
r-release-windows-x86_64 1.0.1 26.00 147.00 173.00 OK
r-oldrel-macos-arm64 1.0.1 59.00 OK
r-oldrel-macos-x86_64 1.0.1 127.00 OK
r-oldrel-windows-x86_64 1.0.1 23.00 175.00 198.00 OK

Check Details

Version: 1.0.1
Check: package dependencies
Result: NOTE Package suggested but not available for checking: ‘testthat’ Flavor: r-devel-linux-x86_64-debian-gcc

Version: 1.0.1
Check: tests
Result: ERROR Running ‘testthat.R’ [0s/1s] Running the tests in ‘tests/testthat.R’ failed. Complete output: > library(testthat) Error in library(testthat) : there is no package called 'testthat' Execution halted Flavor: r-devel-linux-x86_64-debian-gcc