CRAN Package Check Results for Package cancensus

Last updated on 2023-11-28 18:49:12 CET.

Flavor Version Tinstall Tcheck Ttotal Status Flags
r-devel-linux-x86_64-debian-clang 0.5.6 7.14 86.37 93.51 NOTE
r-devel-linux-x86_64-debian-gcc 0.5.6 5.75 62.73 68.48 NOTE
r-devel-linux-x86_64-fedora-clang 0.5.6 115.19 NOTE
r-devel-linux-x86_64-fedora-gcc 0.5.6 118.17 NOTE
r-devel-windows-x86_64 0.5.6 8.00 99.00 107.00 OK
r-patched-linux-x86_64 0.5.6 7.64 82.44 90.08 OK
r-release-linux-x86_64 0.5.6 7.73 80.07 87.80 OK
r-release-macos-arm64 0.5.6 58.00 OK
r-release-macos-x86_64 0.5.6 101.00 OK
r-release-windows-x86_64 0.5.6 9.00 115.00 124.00 OK
r-oldrel-macos-arm64 0.5.6 50.00 OK
r-oldrel-macos-x86_64 0.5.6 66.00 OK
r-oldrel-windows-x86_64 0.5.6 10.00 109.00 119.00 OK

Check Details

Version: 0.5.6
Check: Rd files
Result: NOTE checkRd: (-1) get_census.Rd:35: Lost braces; missing escapes or markup? 35 | \item{resolution}{Resolution of the geographic data. {cancensus} will download simplified geometries by default. For lower level geometries like DB or DA this will be very close to the high resolution data. | ^ Flavors: r-devel-linux-x86_64-debian-clang, r-devel-linux-x86_64-debian-gcc

Version: 0.5.6
Check: data for non-ASCII characters
Result: NOTE Note: found 23 marked UTF-8 strings Flavors: r-devel-linux-x86_64-fedora-clang, r-devel-linux-x86_64-fedora-gcc