Last updated on 2023-12-11 18:53:23 CET.
Flavor | Version | Tinstall | Tcheck | Ttotal | Status | Flags |
---|---|---|---|---|---|---|
r-devel-linux-x86_64-debian-clang | 0.10.3 | 12.43 | 388.32 | 400.75 | OK | |
r-devel-linux-x86_64-debian-gcc | 0.10.3 | 10.20 | 280.09 | 290.29 | OK | |
r-devel-linux-x86_64-fedora-clang | 0.10.3 | 477.59 | NOTE | |||
r-devel-linux-x86_64-fedora-gcc | 0.10.3 | 485.11 | OK | |||
r-devel-windows-x86_64 | 0.10.3 | 14.00 | 277.00 | 291.00 | NOTE | |
r-patched-linux-x86_64 | 0.10.3 | 19.69 | 309.56 | 329.25 | OK | |
r-release-linux-x86_64 | 0.10.3 | 13.49 | 361.47 | 374.96 | OK | |
r-release-macos-arm64 | 0.10.3 | 153.00 | NOTE | |||
r-release-macos-x86_64 | 0.10.3 | 261.00 | NOTE | |||
r-release-windows-x86_64 | 0.10.3 | 18.00 | 343.00 | 361.00 | NOTE | |
r-oldrel-macos-arm64 | 0.10.3 | 179.00 | NOTE | |||
r-oldrel-macos-x86_64 | 0.10.3 | 202.00 | NOTE | |||
r-oldrel-windows-x86_64 | 0.10.3 | 18.00 | 348.00 | 366.00 | NOTE |
Version: 0.10.3
Check: installed package size
Result: NOTE
installed size is 5.8Mb
sub-directories of 1Mb or more:
doc 4.6Mb
Flavors: r-devel-linux-x86_64-fedora-clang, r-devel-windows-x86_64, r-release-macos-arm64, r-release-macos-x86_64, r-release-windows-x86_64, r-oldrel-macos-arm64, r-oldrel-macos-x86_64, r-oldrel-windows-x86_64