Last updated on 2023-12-06 18:52:39 CET.
Flavor | Version | Tinstall | Tcheck | Ttotal | Status | Flags |
---|---|---|---|---|---|---|
r-devel-linux-x86_64-debian-clang | 1.6.4 | 2.47 | 32.91 | 35.38 | NOTE | |
r-devel-linux-x86_64-debian-gcc | 1.6.4 | 2.33 | 25.62 | 27.95 | NOTE | |
r-devel-linux-x86_64-fedora-clang | 1.6.4 | 45.03 | NOTE | |||
r-devel-linux-x86_64-fedora-gcc | 1.6.4 | 42.56 | NOTE | |||
r-devel-windows-x86_64 | 1.6.4 | 3.00 | 48.00 | 51.00 | OK | |
r-patched-linux-x86_64 | 1.6.4 | 2.31 | 33.07 | 35.38 | NOTE | |
r-release-linux-x86_64 | 1.6.4 | 2.75 | 32.66 | 35.41 | NOTE | |
r-release-macos-arm64 | 1.6.4 | 26.00 | OK | |||
r-release-macos-x86_64 | 1.6.4 | 27.00 | OK | |||
r-release-windows-x86_64 | 1.6.4 | 4.00 | 50.00 | 54.00 | OK | |
r-oldrel-macos-arm64 | 1.6.4 | 22.00 | OK | |||
r-oldrel-macos-x86_64 | 1.6.4 | 25.00 | OK | |||
r-oldrel-windows-x86_64 | 1.6.4 | 5.00 | 53.00 | 58.00 | OK |
Version: 1.6.4
Check: Rd files
Result: NOTE
checkRd: (-1) catmapdata.Rd:9-14: Lost braces in \itemize; meant \describe ?
checkRd: (-1) catmapdata.Rd:14-15: Lost braces in \itemize; meant \describe ?
checkRd: (-1) catmapdata.Rd:15-16: Lost braces in \itemize; meant \describe ?
checkRd: (-1) catmapdata.Rd:16-17: Lost braces in \itemize; meant \describe ?
checkRd: (-1) catmapdata.Rd:17-18: Lost braces in \itemize; meant \describe ?
checkRd: (-1) catmapdata.Rd:18-19: Lost braces in \itemize; meant \describe ?
checkRd: (-1) catmapdata.Rd:19-20: Lost braces in \itemize; meant \describe ?
checkRd: (-1) catmapdata.Rd:20-21: Lost braces in \itemize; meant \describe ?
Flavors: r-devel-linux-x86_64-debian-clang, r-devel-linux-x86_64-debian-gcc
Version: 1.6.4
Check: for non-standard things in the check directory
Result: NOTE
Found the following files/directories:
‘catmapdata.fixed.effects.plot.pdf’ ‘catmapdata.funnel.plot.pdf’
‘catmapdata.output.txt’ ‘catmapdata.random.effects.plot.pdf’
Flavors: r-devel-linux-x86_64-debian-clang, r-devel-linux-x86_64-debian-gcc, r-devel-linux-x86_64-fedora-clang, r-devel-linux-x86_64-fedora-gcc, r-patched-linux-x86_64, r-release-linux-x86_64