Last updated on 2023-12-10 18:52:06 CET.
Flavor | Version | Tinstall | Tcheck | Ttotal | Status | Flags |
---|---|---|---|---|---|---|
r-devel-linux-x86_64-debian-clang | 0.9.3 | 5.06 | 141.30 | 146.36 | NOTE | |
r-devel-linux-x86_64-debian-gcc | 0.9.3 | 4.50 | 112.06 | 116.56 | NOTE | |
r-devel-linux-x86_64-fedora-clang | 0.9.3 | 174.74 | NOTE | |||
r-devel-linux-x86_64-fedora-gcc | 0.9.3 | 195.95 | NOTE | |||
r-devel-windows-x86_64 | 0.9.3 | 6.00 | 121.00 | 127.00 | NOTE | |
r-patched-linux-x86_64 | 0.9.3 | 4.79 | 139.71 | 144.50 | OK | |
r-release-linux-x86_64 | 0.9.3 | 6.30 | 135.21 | 141.51 | OK | |
r-release-macos-arm64 | 0.9.3 | 77.00 | NOTE | |||
r-release-macos-x86_64 | 0.9.3 | 101.00 | NOTE | |||
r-release-windows-x86_64 | 0.9.3 | 9.00 | 155.00 | 164.00 | NOTE | |
r-oldrel-macos-arm64 | 0.9.3 | 72.00 | NOTE | |||
r-oldrel-macos-x86_64 | 0.9.3 | 87.00 | NOTE | |||
r-oldrel-windows-x86_64 | 0.9.3 | 8.00 | 169.00 | 177.00 | NOTE |
Version: 0.9.3
Check: Rd \usage sections
Result: NOTE
Documented arguments not in \usage in Rd file 'add_catmaply_slider.Rd':
‘text_font_color’ ‘categorical_col’
Documented arguments not in \usage in Rd file 'add_catmaply_traces.Rd':
‘categorical_col’
Documented arguments not in \usage in Rd file 'catmaply_annotations.Rd':
‘fig’ ‘text_font_color’
Functions with \usage entries need to have the appropriate \alias
entries, and all their arguments documented.
The \usage entries must correspond to syntactically valid R code.
See chapter ‘Writing R documentation files’ in the ‘Writing R
Extensions’ manual.
Flavors: r-devel-linux-x86_64-debian-clang, r-devel-linux-x86_64-debian-gcc, r-devel-linux-x86_64-fedora-clang, r-devel-linux-x86_64-fedora-gcc, r-devel-windows-x86_64
Version: 0.9.3
Check: installed package size
Result: NOTE
installed size is 38.0Mb
sub-directories of 1Mb or more:
doc 37.7Mb
Flavors: r-devel-linux-x86_64-fedora-clang, r-devel-windows-x86_64, r-release-macos-arm64, r-release-macos-x86_64, r-release-windows-x86_64, r-oldrel-macos-arm64, r-oldrel-macos-x86_64, r-oldrel-windows-x86_64