Last updated on 2023-12-06 18:52:39 CET.
Flavor | Version | Tinstall | Tcheck | Ttotal | Status | Flags |
---|---|---|---|---|---|---|
r-devel-linux-x86_64-debian-clang | 0.5.3 | 18.32 | 144.78 | 163.10 | OK | |
r-devel-linux-x86_64-debian-gcc | 0.5.3 | 11.16 | 115.60 | 126.76 | OK | |
r-devel-linux-x86_64-fedora-clang | 0.5.3 | 213.65 | NOTE | |||
r-devel-linux-x86_64-fedora-gcc | 0.5.3 | 215.26 | OK | |||
r-devel-windows-x86_64 | 0.5.3 | 36.00 | 286.00 | 322.00 | OK | |
r-patched-linux-x86_64 | 0.5.3 | 11.07 | 149.95 | 161.02 | OK | |
r-release-linux-x86_64 | 0.5.3 | 12.21 | 147.77 | 159.98 | OK | |
r-release-macos-arm64 | 0.5.3 | 111.00 | OK | |||
r-release-macos-x86_64 | 0.5.3 | 231.00 | OK | |||
r-release-windows-x86_64 | 0.5.3 | 29.00 | 225.00 | 254.00 | OK | |
r-oldrel-macos-arm64 | 0.5.3 | 77.00 | OK | |||
r-oldrel-macos-x86_64 | 0.5.3 | 97.00 | OK | |||
r-oldrel-windows-x86_64 | 0.5.3 | 29.00 | 228.00 | 257.00 | OK |
Version: 0.5.3
Check: Rd cross-references
Result: NOTE
Undeclared packages ‘extraDistr’, ‘mvtnorm’ in Rd xrefs
Flavor: r-devel-linux-x86_64-fedora-clang