Last updated on 2023-12-06 18:52:39 CET.
Flavor | Version | Tinstall | Tcheck | Ttotal | Status | Flags |
---|---|---|---|---|---|---|
r-devel-linux-x86_64-debian-clang | 0.5.1 | 3.90 | 38.72 | 42.62 | OK | |
r-devel-linux-x86_64-debian-gcc | 0.5.1 | 2.86 | 31.42 | 34.28 | OK | |
r-devel-linux-x86_64-fedora-clang | 0.5.1 | 54.02 | OK | |||
r-devel-linux-x86_64-fedora-gcc | 0.5.1 | 62.92 | OK | |||
r-devel-windows-x86_64 | 0.5.1 | 4.00 | 71.00 | 75.00 | OK | |
r-patched-linux-x86_64 | 0.5.1 | 4.88 | 38.01 | 42.89 | OK | |
r-release-linux-x86_64 | 0.5.1 | 3.80 | 38.31 | 42.11 | OK | |
r-release-macos-arm64 | 0.5.1 | 147.00 | ERROR | |||
r-release-macos-x86_64 | 0.5.1 | 178.00 | OK | |||
r-release-windows-x86_64 | 0.5.1 | 5.00 | 71.00 | 76.00 | OK | |
r-oldrel-macos-arm64 | 0.5.1 | 142.00 | ERROR | |||
r-oldrel-macos-x86_64 | 0.5.1 | 154.00 | ERROR | |||
r-oldrel-windows-x86_64 | 0.5.1 | 6.00 | 70.00 | 76.00 | OK |
Version: 0.5.1
Check: examples
Result: ERROR
Running examples in ‘cbsodataR-Ex.R’ failed
The error most likely occurred in:
> ### Name: cbs_get_catalogs
> ### Title: Retrieves the possible catalog values that can be used for
> ### retrieving data
> ### Aliases: cbs_get_catalogs
>
> ### ** Examples
>
> catalogs <- cbs_get_catalogs()
Warning in readBin(3L, raw(0), 32768L) :
URL 'https://opendata.cbs.nl/ODataCatalog/Tables?$format=json': Timeout of 60 seconds was reached
Warning: Failing: http://opendata.cbs.nl/ODataCatalog/Tables?$format=json
Retrying...
Warning in readBin(3L, raw(0), 32768L) :
URL 'https://opendata.cbs.nl/ODataCatalog/Tables?$format=json': Timeout of 60 seconds was reached
Error in readBin(3L, raw(0), 32768L) : cannot read from connection
Calls: cbs_get_catalogs ... parse_and_simplify -> parseJSON -> parse_con -> readBin
Execution halted
Flavors: r-release-macos-arm64, r-oldrel-macos-arm64, r-oldrel-macos-x86_64