Last updated on 2023-11-29 18:48:41 CET.
Flavor | Version | Tinstall | Tcheck | Ttotal | Status | Flags |
---|---|---|---|---|---|---|
r-devel-linux-x86_64-debian-clang | 0.1.3 | 11.90 | 130.58 | 142.48 | NOTE | |
r-devel-linux-x86_64-debian-gcc | 0.1.3 | 8.71 | 97.92 | 106.63 | NOTE | |
r-devel-linux-x86_64-fedora-clang | 0.1.3 | NOTE | ||||
r-devel-linux-x86_64-fedora-gcc | 0.1.3 | 167.43 | NOTE | |||
r-devel-windows-x86_64 | 0.1.3 | 10.00 | 111.00 | 121.00 | NOTE | |
r-patched-linux-x86_64 | 0.1.3 | 8.26 | 126.07 | 134.33 | OK | |
r-release-linux-x86_64 | 0.1.3 | 7.09 | 122.78 | 129.87 | OK | |
r-release-macos-arm64 | 0.1.3 | 53.00 | OK | |||
r-release-macos-x86_64 | 0.1.3 | 71.00 | OK | |||
r-release-windows-x86_64 | 0.1.3 | 14.00 | 134.00 | 148.00 | OK | |
r-oldrel-macos-arm64 | 0.1.3 | 57.00 | OK | |||
r-oldrel-macos-x86_64 | 0.1.3 | 71.00 | OK | |||
r-oldrel-windows-x86_64 | 0.1.3 | 13.00 | 136.00 | 149.00 | OK |
Version: 0.1.3
Check: Rd files
Result: NOTE
checkRd: (-1) class_to_deseq2.Rd:39: Lost braces in \itemize; meant \describe ?
checkRd: (-1) class_to_deseq2.Rd:40: Lost braces in \itemize; meant \describe ?
checkRd: (-1) class_to_deseq2.Rd:41-42: Lost braces in \itemize; meant \describe ?
checkRd: (-1) class_to_deseq2.Rd:43-56: Lost braces in \itemize; meant \describe ?
checkRd: (-1) classify.Rd:40: Lost braces in \itemize; meant \describe ?
checkRd: (-1) classify.Rd:41: Lost braces in \itemize; meant \describe ?
checkRd: (-1) classify.Rd:42-43: Lost braces in \itemize; meant \describe ?
checkRd: (-1) classify.Rd:44-57: Lost braces in \itemize; meant \describe ?
checkRd: (-1) evaluate_rule.Rd:32: Lost braces in \itemize; meant \describe ?
checkRd: (-1) evaluate_rule.Rd:33: Lost braces in \itemize; meant \describe ?
checkRd: (-1) evaluate_rule.Rd:34-35: Lost braces in \itemize; meant \describe ?
checkRd: (-1) evaluate_rule.Rd:36-49: Lost braces in \itemize; meant \describe ?
checkRd: (-1) feat.Rd:35: Lost braces in \itemize; meant \describe ?
checkRd: (-1) feat.Rd:36: Lost braces in \itemize; meant \describe ?
checkRd: (-1) feat.Rd:37-38: Lost braces in \itemize; meant \describe ?
checkRd: (-1) feat.Rd:39-52: Lost braces in \itemize; meant \describe ?
checkRd: (-1) plot_classes.Rd:56: Lost braces in \itemize; meant \describe ?
checkRd: (-1) plot_classes.Rd:57: Lost braces in \itemize; meant \describe ?
checkRd: (-1) plot_classes.Rd:58-59: Lost braces in \itemize; meant \describe ?
checkRd: (-1) plot_classes.Rd:60-73: Lost braces in \itemize; meant \describe ?
checkRd: (-1) plot_last.Rd:40: Lost braces in \itemize; meant \describe ?
checkRd: (-1) plot_last.Rd:41: Lost braces in \itemize; meant \describe ?
checkRd: (-1) plot_last.Rd:42-43: Lost braces in \itemize; meant \describe ?
checkRd: (-1) plot_last.Rd:44-57: Lost braces in \itemize; meant \describe ?
checkRd: (-1) pype_from_seurat.Rd:24: Lost braces in \itemize; meant \describe ?
checkRd: (-1) pype_from_seurat.Rd:25: Lost braces in \itemize; meant \describe ?
checkRd: (-1) pype_from_seurat.Rd:26-27: Lost braces in \itemize; meant \describe ?
checkRd: (-1) pype_from_seurat.Rd:28-41: Lost braces in \itemize; meant \describe ?
checkRd: (-1) rule.Rd:73: Lost braces in \itemize; meant \describe ?
checkRd: (-1) rule.Rd:74: Lost braces in \itemize; meant \describe ?
checkRd: (-1) rule.Rd:75-76: Lost braces in \itemize; meant \describe ?
checkRd: (-1) rule.Rd:77-90: Lost braces in \itemize; meant \describe ?
Flavors: r-devel-linux-x86_64-debian-clang, r-devel-linux-x86_64-debian-gcc
Version: 0.1.3
Check: Rd \usage sections
Result: NOTE
Documented arguments not in \usage in Rd file 'evaluate_rule.Rd':
‘class’
Documented arguments not in \usage in Rd file 'tree_leaf_nodes.Rd':
‘classes.’ ‘invert.’
Functions with \usage entries need to have the appropriate \alias
entries, and all their arguments documented.
The \usage entries must correspond to syntactically valid R code.
See chapter ‘Writing R documentation files’ in the ‘Writing R
Extensions’ manual.
Flavors: r-devel-linux-x86_64-debian-clang, r-devel-linux-x86_64-debian-gcc, r-devel-linux-x86_64-fedora-clang, r-devel-linux-x86_64-fedora-gcc, r-devel-windows-x86_64