CRAN Package Check Results for Package cenGAM

Last updated on 2024-07-24 20:52:18 CEST.

Flavor Version Tinstall Tcheck Ttotal Status Flags
r-devel-linux-x86_64-debian-clang 0.5.3 27.12 113.67 140.79 OK
r-devel-linux-x86_64-debian-gcc 0.5.3 22.27 82.49 104.76 NOTE
r-devel-linux-x86_64-fedora-clang 0.5.3 174.89 OK
r-devel-linux-x86_64-fedora-gcc 0.5.3 167.97 OK
r-devel-windows-x86_64 0.5.3 21.00 85.00 106.00 NOTE
r-patched-linux-x86_64 0.5.3 22.98 108.29 131.27 OK
r-release-linux-x86_64 0.5.3 21.53 110.02 131.55 OK
r-release-macos-arm64 0.5.3 46.00 OK
r-release-macos-x86_64 0.5.3 70.00 OK
r-release-windows-x86_64 0.5.3 21.00 85.00 106.00 OK
r-oldrel-macos-arm64 0.5.3 49.00 OK
r-oldrel-macos-x86_64 0.5.3 87.00 OK
r-oldrel-windows-x86_64 0.5.3 26.00 104.00 130.00 OK

Check Details

Version: 0.5.3
Check: Rd cross-references
Result: NOTE Found the following Rd file(s) with Rd \link{} targets missing package anchors: tobit1.Rd: gam, ziplss tobit2.Rd: gam, ziplss Please provide package anchors for all Rd \link{} targets not in the package itself and the base packages. Flavors: r-devel-linux-x86_64-debian-gcc, r-devel-windows-x86_64