CRAN Package Check Results for Package censable

Last updated on 2024-06-12 20:58:51 CEST.

Flavor Version Tinstall Tcheck Ttotal Status Flags
r-devel-linux-x86_64-debian-clang 0.0.5 4.87 56.92 61.79 OK
r-devel-linux-x86_64-debian-gcc 0.0.5 0.45 1.68 2.13 ERROR
r-devel-linux-x86_64-fedora-clang 0.0.5 83.57 OK
r-devel-linux-x86_64-fedora-gcc 0.0.5 76.89 OK
r-devel-windows-x86_64 0.0.5 7.00 68.00 75.00 OK
r-patched-linux-x86_64 0.0.5 6.62 55.44 62.06 OK
r-release-linux-x86_64 0.0.5 5.62 53.65 59.27 OK
r-release-macos-arm64 0.0.5 26.00 OK
r-release-macos-x86_64 0.0.5 45.00 OK
r-release-windows-x86_64 0.0.5 7.00 70.00 77.00 OK
r-oldrel-macos-arm64 0.0.5 26.00 OK
r-oldrel-macos-x86_64 0.0.5 39.00 OK
r-oldrel-windows-x86_64 0.0.5 9.00 82.00 91.00 OK

Check Details

Version: 0.0.5
Check: package dependencies
Result: ERROR Packages required but not available: 'dplyr', 'tibble', 'stringr', 'purrr' Packages suggested but not available for checking: 'roxygen2', 'testthat' See section ‘The DESCRIPTION file’ in the ‘Writing R Extensions’ manual. Flavor: r-devel-linux-x86_64-debian-gcc