CRAN Package Check Results for Package censusapi

Last updated on 2023-12-06 18:52:39 CET.

Flavor Version Tinstall Tcheck Ttotal Status Flags
r-devel-linux-x86_64-debian-clang 0.8.0 2.59 22.82 25.41 NOTE
r-devel-linux-x86_64-debian-gcc 0.8.0 2.00 18.11 20.11 NOTE
r-devel-linux-x86_64-fedora-clang 0.8.0 32.08 OK
r-devel-linux-x86_64-fedora-gcc 0.8.0 30.23 OK
r-devel-windows-x86_64 0.8.0 3.00 39.00 42.00 OK
r-patched-linux-x86_64 0.8.0 2.72 22.48 25.20 OK
r-release-linux-x86_64 0.8.0 2.68 22.52 25.20 OK
r-release-macos-arm64 0.8.0 17.00 OK
r-release-macos-x86_64 0.8.0 20.00 OK
r-release-windows-x86_64 0.8.0 4.00 40.00 44.00 OK
r-oldrel-macos-arm64 0.8.0 15.00 OK
r-oldrel-macos-x86_64 0.8.0 23.00 OK
r-oldrel-windows-x86_64 0.8.0 4.00 43.00 47.00 OK

Check Details

Version: 0.8.0
Check: Rd files
Result: NOTE checkRd: (-1) listCensusApis.Rd:10: Lost braces; missing escapes or markup? 10 | Scrapes {https://api.census.gov/data.json} and returns a dataframe | ^ Flavors: r-devel-linux-x86_64-debian-clang, r-devel-linux-x86_64-debian-gcc