Last updated on 2023-12-01 18:50:51 CET.
Flavor | Version | Tinstall | Tcheck | Ttotal | Status | Flags |
---|---|---|---|---|---|---|
r-devel-linux-x86_64-debian-clang | 2.2.4 | 9.50 | 588.48 | 597.98 | NOTE | |
r-devel-linux-x86_64-debian-gcc | 2.2.4 | 8.01 | 437.75 | 445.76 | NOTE | |
r-devel-linux-x86_64-fedora-clang | 2.2.4 | 708.98 | OK | |||
r-devel-linux-x86_64-fedora-gcc | 2.2.4 | 692.35 | OK | |||
r-devel-windows-x86_64 | 2.2.4 | 13.00 | 415.00 | 428.00 | OK | |
r-patched-linux-x86_64 | 2.2.4 | 14.54 | 549.21 | 563.75 | OK | |
r-release-linux-x86_64 | 2.2.4 | 9.98 | 545.56 | 555.54 | OK | |
r-release-macos-arm64 | 2.2.4 | 122.00 | OK | |||
r-release-macos-x86_64 | 2.2.4 | 227.00 | OK | |||
r-release-windows-x86_64 | 2.2.4 | 18.00 | 554.00 | 572.00 | OK | |
r-oldrel-macos-arm64 | 2.2.4 | 106.00 | OK | |||
r-oldrel-macos-x86_64 | 2.2.4 | 150.00 | OK | |||
r-oldrel-windows-x86_64 | 2.2.4 | 19.00 | 564.00 | 583.00 | OK |
Version: 2.2.4
Check: Rd files
Result: NOTE
checkRd: (-1) ftse100.Rd:8: Lost braces; missing escapes or markup?
8 | This dataset gives the daily returns (c_{t+1}/c_t -1) of the UK FTSE 100 index from 2nd April 1984 until the 13th September 2012.
| ^
Flavors: r-devel-linux-x86_64-debian-clang, r-devel-linux-x86_64-debian-gcc