Last updated on 2023-12-06 18:52:39 CET.
Flavor | Version | Tinstall | Tcheck | Ttotal | Status | Flags |
---|---|---|---|---|---|---|
r-devel-linux-x86_64-debian-clang | 1.0.1 | 7.13 | 108.11 | 115.24 | NOTE | |
r-devel-linux-x86_64-debian-gcc | 1.0.1 | 6.10 | 80.75 | 86.85 | NOTE | |
r-devel-linux-x86_64-fedora-clang | 1.0.1 | 144.00 | NOTE | |||
r-devel-linux-x86_64-fedora-gcc | 1.0.1 | 139.59 | NOTE | |||
r-devel-windows-x86_64 | 1.0.1 | 9.00 | 106.00 | 115.00 | NOTE | |
r-patched-linux-x86_64 | 1.0.1 | 5.71 | 104.64 | 110.35 | OK | |
r-release-linux-x86_64 | 1.0.1 | 7.38 | 101.85 | 109.23 | OK | |
r-release-macos-arm64 | 1.0.1 | 46.00 | OK | |||
r-release-macos-x86_64 | 1.0.1 | 76.00 | OK | |||
r-release-windows-x86_64 | 1.0.1 | 10.00 | 119.00 | 129.00 | OK | |
r-oldrel-macos-arm64 | 1.0.1 | 43.00 | OK | |||
r-oldrel-macos-x86_64 | 1.0.1 | 88.00 | OK | |||
r-oldrel-windows-x86_64 | 1.0.1 | 10.00 | 124.00 | 134.00 | OK |
Version: 1.0.1
Check: Rd files
Result: NOTE
checkRd: (-1) InfluenceMap.Rd:54: Lost braces in \itemize; meant \describe ?
checkRd: (-1) InfluenceMap.Rd:55: Lost braces in \itemize; meant \describe ?
checkRd: (-1) InfluenceMap.Rd:56: Lost braces in \itemize; meant \describe ?
checkRd: (-1) InfluenceMap.Rd:57: Lost braces in \itemize; meant \describe ?
Flavors: r-devel-linux-x86_64-debian-clang, r-devel-linux-x86_64-debian-gcc
Version: 1.0.1
Check: Rd \usage sections
Result: NOTE
Objects in \usage without \alias in Rd file 'influence-methods.Rd':
‘influence’
Functions with \usage entries need to have the appropriate \alias
entries, and all their arguments documented.
The \usage entries must correspond to syntactically valid R code.
See chapter ‘Writing R documentation files’ in the ‘Writing R
Extensions’ manual.
Flavors: r-devel-linux-x86_64-debian-clang, r-devel-linux-x86_64-debian-gcc, r-devel-linux-x86_64-fedora-clang, r-devel-linux-x86_64-fedora-gcc, r-devel-windows-x86_64