Last updated on 2023-11-30 18:49:25 CET.
Flavor | Version | Tinstall | Tcheck | Ttotal | Status | Flags |
---|---|---|---|---|---|---|
r-devel-linux-x86_64-debian-clang | 0.1.1 | 3.89 | 25.13 | 29.02 | NOTE | |
r-devel-linux-x86_64-debian-gcc | 0.1.1 | 2.82 | 19.97 | 22.79 | NOTE | |
r-devel-linux-x86_64-fedora-clang | 0.1.1 | 37.13 | NOTE | |||
r-devel-linux-x86_64-fedora-gcc | 0.1.1 | 35.26 | NOTE | |||
r-devel-windows-x86_64 | 0.1.1 | 6.00 | 48.00 | 54.00 | NOTE | |
r-patched-linux-x86_64 | 0.1.1 | 3.21 | 25.39 | 28.60 | OK | |
r-release-linux-x86_64 | 0.1.1 | 3.97 | 25.47 | 29.44 | OK | |
r-release-macos-arm64 | 0.1.1 | 19.00 | OK | |||
r-release-macos-x86_64 | 0.1.1 | 27.00 | OK | |||
r-release-windows-x86_64 | 0.1.1 | 8.00 | 47.00 | 55.00 | OK | |
r-oldrel-macos-arm64 | 0.1.1 | 19.00 | OK | |||
r-oldrel-macos-x86_64 | 0.1.1 | 25.00 | OK | |||
r-oldrel-windows-x86_64 | 0.1.1 | 7.00 | 50.00 | 57.00 | OK |
Version: 0.1.1
Check: Rd \usage sections
Result: NOTE
Documented arguments not in \usage in Rd file 'multiplierDSeqfun.Rd':
‘MC’
Functions with \usage entries need to have the appropriate \alias
entries, and all their arguments documented.
The \usage entries must correspond to syntactically valid R code.
See chapter ‘Writing R documentation files’ in the ‘Writing R
Extensions’ manual.
Flavors: r-devel-linux-x86_64-debian-clang, r-devel-linux-x86_64-debian-gcc, r-devel-linux-x86_64-fedora-clang, r-devel-linux-x86_64-fedora-gcc, r-devel-windows-x86_64