Last updated on 2023-12-02 18:53:36 CET.
Flavor | Version | Tinstall | Tcheck | Ttotal | Status | Flags |
---|---|---|---|---|---|---|
r-devel-linux-x86_64-debian-clang | 0.3 | 5.52 | 72.11 | 77.63 | OK | |
r-devel-linux-x86_64-debian-gcc | 0.3 | 4.39 | 53.02 | 57.41 | OK | |
r-devel-linux-x86_64-fedora-clang | 0.3 | 96.83 | NOTE | |||
r-devel-linux-x86_64-fedora-gcc | 0.3 | 103.17 | NOTE | |||
r-devel-windows-x86_64 | 0.3 | 7.00 | 80.00 | 87.00 | OK | |
r-patched-linux-x86_64 | 0.3 | 4.91 | 66.65 | 71.56 | OK | |
r-release-linux-x86_64 | 0.3 | 4.43 | 67.15 | 71.58 | OK | |
r-release-macos-arm64 | 0.3 | 37.00 | OK | |||
r-release-macos-x86_64 | 0.3 | 50.00 | OK | |||
r-release-windows-x86_64 | 0.3 | 8.00 | 90.00 | 98.00 | OK | |
r-oldrel-macos-arm64 | 0.3 | 32.00 | NOTE | |||
r-oldrel-macos-x86_64 | 0.3 | 51.00 | NOTE | |||
r-oldrel-windows-x86_64 | 0.3 | 8.00 | 89.00 | 97.00 | OK |
Version: 0.3
Check: dependencies in R code
Result: NOTE
Namespaces in Imports field not imported from:
‘DT’ ‘dplyr’ ‘prettydoc’ ‘rmdformats’ ‘skimr’
All declared Imports should be used.
Flavors: r-devel-linux-x86_64-fedora-clang, r-devel-linux-x86_64-fedora-gcc, r-oldrel-macos-arm64, r-oldrel-macos-x86_64