CRAN Package Check Results for Package cir

Last updated on 2024-06-17 21:51:39 CEST.

Flavor Version Tinstall Tcheck Ttotal Status Flags
r-devel-linux-x86_64-debian-clang 2.3.1 3.42 39.45 42.87 NOTE
r-devel-linux-x86_64-debian-gcc 2.3.1 2.56 29.65 32.21 NOTE
r-devel-linux-x86_64-fedora-clang 2.3.1 54.56 NOTE
r-devel-linux-x86_64-fedora-gcc 2.3.1 66.54 NOTE
r-devel-windows-x86_64 2.3.1 5.00 51.00 56.00 NOTE
r-patched-linux-x86_64 2.3.1 4.03 38.25 42.28 NOTE
r-release-linux-x86_64 2.3.1 3.64 38.27 41.91 NOTE
r-release-macos-arm64 2.3.1 26.00 NOTE
r-release-macos-x86_64 2.3.1 39.00 NOTE
r-release-windows-x86_64 2.3.1 4.00 52.00 56.00 NOTE
r-oldrel-macos-arm64 2.3.1 37.00 OK
r-oldrel-macos-x86_64 2.3.1 67.00 OK
r-oldrel-windows-x86_64 2.3.1 4.00 53.00 57.00 OK

Check Details

Version: 2.3.1
Check: Rd files
Result: NOTE checkRd: (-1) doseFind.Rd:63: Lost braces in \itemize; meant \describe ? checkRd: (-1) doseFind.Rd:64: Lost braces in \itemize; meant \describe ? checkRd: (-1) doseFind.Rd:50: Lost braces in \itemize; \value handles \item{}{} directly checkRd: (-1) doseFind.Rd:51: Lost braces in \itemize; \value handles \item{}{} directly checkRd: (-1) doseFind.Rd:52: Lost braces in \itemize; \value handles \item{}{} directly checkRd: (-1) doseFind.Rd:53: Lost braces in \itemize; \value handles \item{}{} directly checkRd: (-1) quickInverse.Rd:56: Lost braces in \itemize; \value handles \item{}{} directly checkRd: (-1) quickInverse.Rd:57: Lost braces in \itemize; \value handles \item{}{} directly checkRd: (-1) quickInverse.Rd:58: Lost braces in \itemize; \value handles \item{}{} directly checkRd: (-1) quickIsotone.Rd:44: Lost braces in \itemize; \value handles \item{}{} directly checkRd: (-1) quickIsotone.Rd:45: Lost braces in \itemize; \value handles \item{}{} directly checkRd: (-1) quickIsotone.Rd:46: Lost braces in \itemize; \value handles \item{}{} directly Flavors: r-devel-linux-x86_64-debian-clang, r-devel-linux-x86_64-debian-gcc, r-devel-linux-x86_64-fedora-clang, r-devel-linux-x86_64-fedora-gcc, r-devel-windows-x86_64, r-patched-linux-x86_64, r-release-linux-x86_64, r-release-macos-arm64, r-release-macos-x86_64, r-release-windows-x86_64