Last updated on 2023-11-29 18:48:42 CET.
Flavor | Version | Tinstall | Tcheck | Ttotal | Status | Flags |
---|---|---|---|---|---|---|
r-devel-linux-x86_64-debian-clang | 0.1.1 | 10.93 | 187.33 | 198.26 | OK | |
r-devel-linux-x86_64-debian-gcc | 0.1.1 | 8.19 | 133.85 | 142.04 | OK | |
r-devel-linux-x86_64-fedora-clang | 0.1.1 | 237.54 | NOTE | |||
r-devel-linux-x86_64-fedora-gcc | 0.1.1 | 247.94 | OK | |||
r-devel-windows-x86_64 | 0.1.1 | 12.00 | 199.00 | 211.00 | NOTE | |
r-patched-linux-x86_64 | 0.1.1 | 8.37 | 180.36 | 188.73 | OK | |
r-release-linux-x86_64 | 0.1.1 | 6.57 | 176.39 | 182.96 | OK | |
r-release-macos-arm64 | 0.1.1 | 110.00 | NOTE | |||
r-release-macos-x86_64 | 0.1.1 | 200.00 | NOTE | |||
r-release-windows-x86_64 | 0.1.1 | 14.00 | 233.00 | 247.00 | NOTE | |
r-oldrel-macos-arm64 | 0.1.1 | 163.00 | NOTE | |||
r-oldrel-macos-x86_64 | 0.1.1 | 203.00 | NOTE | |||
r-oldrel-windows-x86_64 | 0.1.1 | 15.00 | 235.00 | 250.00 | NOTE |
Version: 0.1.1
Check: installed package size
Result: NOTE
installed size is 7.5Mb
sub-directories of 1Mb or more:
doc 7.3Mb
Flavors: r-devel-linux-x86_64-fedora-clang, r-devel-windows-x86_64, r-release-macos-arm64, r-release-macos-x86_64, r-release-windows-x86_64, r-oldrel-macos-arm64, r-oldrel-macos-x86_64, r-oldrel-windows-x86_64