Last updated on 2023-12-06 18:52:39 CET.
Flavor | Version | Tinstall | Tcheck | Ttotal | Status | Flags |
---|---|---|---|---|---|---|
r-devel-linux-x86_64-debian-clang | 0.1.3 | 7.87 | 323.52 | 331.39 | NOTE | |
r-devel-linux-x86_64-debian-gcc | 0.1.3 | 6.86 | 244.35 | 251.21 | NOTE | |
r-devel-linux-x86_64-fedora-clang | 0.1.3 | 402.86 | OK | |||
r-devel-linux-x86_64-fedora-gcc | 0.1.3 | 404.29 | OK | |||
r-devel-windows-x86_64 | 0.1.3 | 9.00 | 241.00 | 250.00 | OK | |
r-patched-linux-x86_64 | 0.1.3 | 5.84 | 309.97 | 315.81 | OK | |
r-release-linux-x86_64 | 0.1.3 | 6.73 | 307.32 | 314.05 | OK | |
r-release-macos-arm64 | 0.1.3 | 120.00 | OK | |||
r-release-macos-x86_64 | 0.1.3 | 269.00 | OK | |||
r-release-windows-x86_64 | 0.1.3 | 11.00 | 314.00 | 325.00 | OK | |
r-oldrel-macos-arm64 | 0.1.3 | 108.00 | OK | |||
r-oldrel-macos-x86_64 | 0.1.3 | 163.00 | OK | |||
r-oldrel-windows-x86_64 | 0.1.3 | 11.00 | 318.00 | 329.00 | OK |
Version: 0.1.3
Check: Rd files
Result: NOTE
checkRd: (-1) data_generator.Rd:93: Lost braces; missing escapes or markup?
93 | \item{estimand_mean}{List of means of the FULL, S_{++}, S_{*+} and
| ^
checkRd: (-1) data_generator.Rd:93: Lost braces; missing escapes or markup?
93 | \item{estimand_mean}{List of means of the FULL, S_{++}, S_{*+} and
| ^
checkRd: (-1) data_generator.Rd:95: Lost braces; missing escapes or markup?
95 | \item{estimand_sd}{List of standard deviations of the FULL, S_{++}, S_{*+}
| ^
checkRd: (-1) data_generator.Rd:95: Lost braces; missing escapes or markup?
95 | \item{estimand_sd}{List of standard deviations of the FULL, S_{++}, S_{*+}
| ^
checkRd: (-1) data_generator_loop.Rd:96: Lost braces; missing escapes or markup?
96 | \item{estimand_mean}{List of means of the FULL, S_{++}, S_{*+} and
| ^
checkRd: (-1) data_generator_loop.Rd:96: Lost braces; missing escapes or markup?
96 | \item{estimand_mean}{List of means of the FULL, S_{++}, S_{*+} and
| ^
checkRd: (-1) data_generator_loop.Rd:98: Lost braces; missing escapes or markup?
98 | \item{estimand_sd}{List of standard deviations of the FULL, S_{++},
| ^
checkRd: (-1) data_generator_loop.Rd:99: Lost braces; missing escapes or markup?
99 | S_{*+} and PP estimands}
| ^
Flavors: r-devel-linux-x86_64-debian-clang, r-devel-linux-x86_64-debian-gcc