CRAN Package Check Results for Package ciuupi2

Last updated on 2024-04-21 20:53:19 CEST.

Flavor Version Tinstall Tcheck Ttotal Status Flags
r-devel-linux-x86_64-debian-clang 1.0.1 2.98 38.74 41.72 NOTE
r-devel-linux-x86_64-debian-gcc 1.0.1 2.67 28.37 31.04 NOTE
r-devel-linux-x86_64-fedora-clang 1.0.1 54.92 NOTE
r-devel-linux-x86_64-fedora-gcc 1.0.1 69.24 NOTE
r-prerel-macos-arm64 1.0.1 25.00 NOTE
r-prerel-windows-x86_64 1.0.1 6.00 55.00 61.00 NOTE
r-patched-linux-x86_64 1.0.1 2.13 36.02 38.15 NOTE
r-release-linux-x86_64 1.0.1 1.93 34.71 36.64 NOTE
r-release-macos-arm64 1.0.1 28.00 NOTE
r-release-macos-x86_64 1.0.1 37.00 NOTE
r-release-windows-x86_64 1.0.1 4.00 56.00 60.00 NOTE
r-oldrel-macos-arm64 1.0.1 20.00 NOTE
r-oldrel-windows-x86_64 1.0.1 5.00 57.00 62.00 NOTE

Check Details

Version: 1.0.1
Check: LazyData
Result: NOTE 'LazyData' is specified without a 'data' directory Flavors: r-devel-linux-x86_64-debian-clang, r-devel-linux-x86_64-debian-gcc, r-devel-linux-x86_64-fedora-clang, r-devel-linux-x86_64-fedora-gcc, r-prerel-macos-arm64, r-prerel-windows-x86_64, r-patched-linux-x86_64, r-release-linux-x86_64, r-release-macos-arm64, r-release-macos-x86_64, r-release-windows-x86_64, r-oldrel-macos-arm64, r-oldrel-windows-x86_64