Last updated on 2023-12-04 18:52:10 CET.
Flavor | Version | Tinstall | Tcheck | Ttotal | Status | Flags |
---|---|---|---|---|---|---|
r-devel-linux-x86_64-debian-clang | 2.1.1 | 16.57 | 164.98 | 181.55 | OK | |
r-devel-linux-x86_64-debian-gcc | 2.1.1 | 14.93 | 119.45 | 134.38 | OK | |
r-devel-linux-x86_64-fedora-clang | 2.1.1 | 224.22 | NOTE | |||
r-devel-linux-x86_64-fedora-gcc | 2.1.1 | 213.61 | NOTE | |||
r-devel-windows-x86_64 | 2.1.1 | 16.00 | 133.00 | 149.00 | OK | |
r-patched-linux-x86_64 | 2.1.1 | 12.43 | 151.74 | 164.17 | OK | |
r-release-linux-x86_64 | 2.1.1 | 17.04 | 150.68 | 167.72 | OK | |
r-release-macos-arm64 | 2.1.1 | 70.00 | OK | |||
r-release-macos-x86_64 | 2.1.1 | 151.00 | OK | |||
r-release-windows-x86_64 | 2.1.1 | 19.00 | 159.00 | 178.00 | OK | |
r-oldrel-macos-arm64 | 2.1.1 | 73.00 | OK | |||
r-oldrel-macos-x86_64 | 2.1.1 | 106.00 | OK | |||
r-oldrel-windows-x86_64 | 2.1.1 | 22.00 | 162.00 | 184.00 | OK |
Version: 2.1.1
Check: data for non-ASCII characters
Result: NOTE
Note: found 29 marked UTF-8 strings
Flavors: r-devel-linux-x86_64-fedora-clang, r-devel-linux-x86_64-fedora-gcc