CRAN Package Check Results for Package clinicalsignificance

Last updated on 2024-06-12 20:58:51 CEST.

Flavor Version Tinstall Tcheck Ttotal Status Flags
r-devel-linux-x86_64-debian-clang 2.0.0 7.96 190.45 198.41 OK
r-devel-linux-x86_64-debian-gcc 2.0.0 0.59 1.72 2.31 ERROR
r-devel-linux-x86_64-fedora-clang 2.0.0 242.26 OK
r-devel-linux-x86_64-fedora-gcc 2.0.0 242.98 OK
r-devel-windows-x86_64 2.0.0 8.00 155.00 163.00 OK
r-patched-linux-x86_64 2.0.0 8.38 179.85 188.23 OK
r-release-linux-x86_64 2.0.0 5.32 177.19 182.51 OK
r-release-macos-arm64 2.0.0 79.00 OK
r-release-macos-x86_64 2.0.0 104.00 OK
r-release-windows-x86_64 2.0.0 8.00 154.00 162.00 OK
r-oldrel-macos-arm64 2.0.0 73.00 OK
r-oldrel-macos-x86_64 2.0.0 276.00 OK
r-oldrel-windows-x86_64 2.0.0 10.00 211.00 221.00 OK

Check Details

Version: 2.0.0
Check: package dependencies
Result: ERROR Packages required but not available: 'BayesFactor', 'dplyr', 'ggplot2', 'lme4', 'purrr', 'tibble', 'tidyr' Packages suggested but not available for checking: 'testthat', 'tidyverse', 'vdiffr' See section ‘The DESCRIPTION file’ in the ‘Writing R Extensions’ manual. Flavor: r-devel-linux-x86_64-debian-gcc