CRAN Package Check Results for Package cloudml

Last updated on 2023-11-29 18:48:42 CET.

Flavor Version Tinstall Tcheck Ttotal Status Flags
r-devel-linux-x86_64-debian-clang 0.6.1 4.33 37.59 41.92 NOTE
r-devel-linux-x86_64-debian-gcc 0.6.1 2.69 29.30 31.99 NOTE
r-devel-linux-x86_64-fedora-clang 0.6.1 52.39 NOTE
r-devel-linux-x86_64-fedora-gcc 0.6.1 71.03 NOTE
r-devel-windows-x86_64 0.6.1 6.00 53.00 59.00 NOTE
r-patched-linux-x86_64 0.6.1 8.35 37.23 45.58 NOTE
r-release-linux-x86_64 0.6.1 4.26 36.79 41.05 NOTE
r-release-macos-arm64 0.6.1 34.00 NOTE
r-release-macos-x86_64 0.6.1 45.00 NOTE
r-release-windows-x86_64 0.6.1 8.00 56.00 64.00 NOTE
r-oldrel-macos-arm64 0.6.1 26.00 NOTE
r-oldrel-macos-x86_64 0.6.1 35.00 NOTE
r-oldrel-windows-x86_64 0.6.1 7.00 56.00 63.00 NOTE

Check Details

Version: 0.6.1
Check: LazyData
Result: NOTE 'LazyData' is specified without a 'data' directory Flavors: r-devel-linux-x86_64-debian-clang, r-devel-linux-x86_64-debian-gcc, r-devel-linux-x86_64-fedora-clang, r-devel-linux-x86_64-fedora-gcc, r-devel-windows-x86_64, r-patched-linux-x86_64, r-release-linux-x86_64, r-release-macos-arm64, r-release-macos-x86_64, r-release-windows-x86_64, r-oldrel-macos-arm64, r-oldrel-macos-x86_64, r-oldrel-windows-x86_64