Last updated on 2023-12-11 18:53:24 CET.
Flavor | Version | Tinstall | Tcheck | Ttotal | Status | Flags |
---|---|---|---|---|---|---|
r-devel-linux-x86_64-debian-clang | 0.5.10 | 7.44 | 302.44 | 309.88 | NOTE | |
r-devel-linux-x86_64-debian-gcc | 0.5.10 | 5.56 | 246.03 | 251.59 | NOTE | |
r-devel-linux-x86_64-fedora-clang | 0.5.10 | 380.85 | OK | |||
r-devel-linux-x86_64-fedora-gcc | 0.5.10 | 433.46 | OK | |||
r-devel-windows-x86_64 | 0.5.10 | 7.00 | 245.00 | 252.00 | OK | |
r-patched-linux-x86_64 | 0.5.10 | 7.76 | 307.71 | 315.47 | OK | |
r-release-linux-x86_64 | 0.5.10 | 7.52 | 308.40 | 315.92 | OK | |
r-release-macos-arm64 | 0.5.10 | 149.00 | OK | |||
r-release-macos-x86_64 | 0.5.10 | 368.00 | OK | |||
r-release-windows-x86_64 | 0.5.10 | 9.00 | 317.00 | 326.00 | OK | |
r-oldrel-macos-arm64 | 0.5.10 | 131.00 | OK | |||
r-oldrel-macos-x86_64 | 0.5.10 | 153.00 | OK | |||
r-oldrel-windows-x86_64 | 0.5.10 | 9.00 | 311.00 | 320.00 | OK |
Version: 0.5.10
Check: Rd files
Result: NOTE
checkRd: (-1) impute_covariance_matrix.Rd:74-79: Lost braces in \itemize; meant \describe ?
checkRd: (-1) impute_covariance_matrix.Rd:80-87: Lost braces in \itemize; meant \describe ?
checkRd: (-1) impute_covariance_matrix.Rd:88-98: Lost braces in \itemize; meant \describe ?
Flavors: r-devel-linux-x86_64-debian-clang, r-devel-linux-x86_64-debian-gcc