CRAN Package Check Results for Package clustEff

Last updated on 2023-11-29 18:48:42 CET.

Flavor Version Tinstall Tcheck Ttotal Status Flags
r-devel-linux-x86_64-debian-clang 0.3.0 16.66 146.80 163.46 NOTE
r-devel-linux-x86_64-debian-gcc 0.3.0 12.60 107.06 119.66 NOTE
r-devel-linux-x86_64-fedora-clang 0.3.0 198.66 NOTE
r-devel-linux-x86_64-fedora-gcc 0.3.0 188.01 NOTE
r-devel-windows-x86_64 0.3.0 15.00 115.00 130.00 NOTE
r-patched-linux-x86_64 0.3.0 14.70 137.82 152.52 OK
r-release-linux-x86_64 0.3.0 13.13 136.29 149.42 OK
r-release-macos-arm64 0.3.0 61.00 OK
r-release-macos-x86_64 0.3.0 99.00 OK
r-release-windows-x86_64 0.3.0 19.00 140.00 159.00 OK
r-oldrel-macos-arm64 0.3.0 55.00 OK
r-oldrel-macos-x86_64 0.3.0 76.00 OK
r-oldrel-windows-x86_64 0.3.0 22.00 146.00 168.00 OK

Check Details

Version: 0.3.0
Check: Rd \usage sections
Result: NOTE Objects in \usage without \alias in Rd file 'clustEff-internal.Rd': ‘.get_ave_sil_width’ ‘.get_withinSS’ ‘print.clustEff’ ‘print.summary.clustEff’ ‘print.fpcac’ ‘print.summary.fpcac’ Functions with \usage entries need to have the appropriate \alias entries, and all their arguments documented. The \usage entries must correspond to syntactically valid R code. See chapter ‘Writing R documentation files’ in the ‘Writing R Extensions’ manual. Flavors: r-devel-linux-x86_64-debian-clang, r-devel-linux-x86_64-debian-gcc, r-devel-linux-x86_64-fedora-clang, r-devel-linux-x86_64-fedora-gcc, r-devel-windows-x86_64