CRAN Package Check Results for Package clv

Last updated on 2024-04-22 21:52:39 CEST.

Flavor Version Tinstall Tcheck Ttotal Status Flags
r-devel-linux-x86_64-debian-clang 0.3-2.4 8.63 39.72 48.35 OK
r-devel-linux-x86_64-debian-gcc 0.3-2.4 5.76 28.85 34.61 OK
r-devel-linux-x86_64-fedora-clang 0.3-2.4 60.56 NOTE
r-devel-linux-x86_64-fedora-gcc 0.3-2.4 63.02 NOTE
r-prerel-macos-arm64 0.3-2.4 21.00 OK
r-prerel-windows-x86_64 0.3-2.4 11.00 53.00 64.00 OK
r-patched-linux-x86_64 0.3-2.4 8.24 37.71 45.95 OK
r-release-linux-x86_64 0.3-2.4 7.20 38.32 45.52 OK
r-release-macos-arm64 0.3-2.4 26.00 OK
r-release-macos-x86_64 0.3-2.4 51.00 OK
r-release-windows-x86_64 0.3-2.4 12.00 58.00 70.00 OK
r-oldrel-macos-arm64 0.3-2.4 25.00 OK
r-oldrel-windows-x86_64 0.3-2.4 12.00 59.00 71.00 OK

Check Details

Version: 0.3-2.4
Check: compiled code
Result: NOTE File ‘clv/libs/clv.so’: Found no calls to: ‘R_registerRoutines’, ‘R_useDynamicSymbols’ It is good practice to register native routines and to disable symbol search. See ‘Writing portable packages’ in the ‘Writing R Extensions’ manual. Flavors: r-devel-linux-x86_64-fedora-clang, r-devel-linux-x86_64-fedora-gcc