Last updated on 2023-11-29 18:48:42 CET.
Flavor | Version | Tinstall | Tcheck | Ttotal | Status | Flags |
---|---|---|---|---|---|---|
r-devel-linux-x86_64-debian-clang | 2.2-11 | 10.27 | 70.18 | 80.45 | NOTE | |
r-devel-linux-x86_64-debian-gcc | 2.2-11 | 8.45 | 54.15 | 62.60 | NOTE | |
r-devel-linux-x86_64-fedora-clang | 2.2-11 | 100.43 | NOTE | |||
r-devel-linux-x86_64-fedora-gcc | 2.2-11 | 97.06 | NOTE | |||
r-devel-windows-x86_64 | 2.2-11 | 11.00 | 72.00 | 83.00 | NOTE | |
r-patched-linux-x86_64 | 2.2-11 | 10.75 | 68.94 | 79.69 | NOTE | |
r-release-linux-x86_64 | 2.2-11 | 8.46 | 68.72 | 77.18 | NOTE | |
r-release-macos-arm64 | 2.2-11 | 43.00 | NOTE | |||
r-release-macos-x86_64 | 2.2-11 | 55.00 | NOTE | |||
r-release-windows-x86_64 | 2.2-11 | 13.00 | 80.00 | 93.00 | NOTE | |
r-oldrel-macos-arm64 | 2.2-11 | 40.00 | OK | |||
r-oldrel-macos-x86_64 | 2.2-11 | 46.00 | OK | |||
r-oldrel-windows-x86_64 | 2.2-11 | 14.00 | 87.00 | 101.00 | OK |
Version: 2.2-11
Check: Rd files
Result: NOTE
checkRd: (-1) plot.predict.crr.Rd:18: Escaped LaTeX specials: \#
checkRd: (-1) plot.predict.crr.Rd:22: Escaped LaTeX specials: \#
Flavors: r-devel-linux-x86_64-debian-clang, r-devel-linux-x86_64-debian-gcc, r-devel-linux-x86_64-fedora-clang, r-devel-linux-x86_64-fedora-gcc, r-devel-windows-x86_64, r-patched-linux-x86_64, r-release-linux-x86_64, r-release-macos-arm64, r-release-macos-x86_64, r-release-windows-x86_64
Version: 2.2-11
Check: compiled code
Result: NOTE
File ‘cmprsk/libs/cmprsk.so’:
Found no calls to: ‘R_registerRoutines’, ‘R_useDynamicSymbols’
It is good practice to register native routines and to disable symbol
search.
See ‘Writing portable packages’ in the ‘Writing R Extensions’ manual.
Flavors: r-devel-linux-x86_64-fedora-clang, r-devel-linux-x86_64-fedora-gcc