Last updated on 2025-01-22 20:49:27 CET.
Flavor | Version | Tinstall | Tcheck | Ttotal | Status | Flags |
---|---|---|---|---|---|---|
r-devel-linux-x86_64-debian-clang | 0.9.2 | 8.09 | 59.42 | 67.51 | NOTE | |
r-devel-linux-x86_64-debian-gcc | 0.9.2 | 6.04 | 46.51 | 52.55 | NOTE | |
r-devel-linux-x86_64-fedora-clang | 0.9.2 | 108.60 | NOTE | |||
r-devel-linux-x86_64-fedora-gcc | 0.9.2 | 102.04 | NOTE | |||
r-devel-windows-x86_64 | 0.9.2 | 10.00 | 74.00 | 84.00 | NOTE | |
r-patched-linux-x86_64 | 0.9.2 | 7.10 | 56.89 | 63.99 | NOTE | |
r-release-linux-x86_64 | 0.9.2 | 7.18 | 56.61 | 63.79 | NOTE | |
r-release-macos-arm64 | 0.9.2 | 33.00 | NOTE | |||
r-release-macos-x86_64 | 0.9.2 | 49.00 | NOTE | |||
r-release-windows-x86_64 | 0.9.2 | 10.00 | 73.00 | 83.00 | NOTE | |
r-oldrel-macos-arm64 | 0.9.2 | 36.00 | NOTE | |||
r-oldrel-macos-x86_64 | 0.9.2 | 60.00 | NOTE | |||
r-oldrel-windows-x86_64 | 0.9.2 | 12.00 | 85.00 | 97.00 | NOTE |
Version: 0.9.2
Check: Rd files
Result: NOTE
checkRd: (-1) plot.predict.crrQR.Rd:18: Escaped LaTeX specials: \#
checkRd: (-1) plot.predict.crrQR.Rd:22: Escaped LaTeX specials: \#
Flavors: r-devel-linux-x86_64-debian-clang, r-devel-linux-x86_64-debian-gcc, r-devel-linux-x86_64-fedora-clang, r-devel-linux-x86_64-fedora-gcc, r-devel-windows-x86_64, r-patched-linux-x86_64, r-release-linux-x86_64, r-release-macos-arm64, r-release-macos-x86_64, r-release-windows-x86_64, r-oldrel-macos-arm64, r-oldrel-macos-x86_64, r-oldrel-windows-x86_64