CRAN Package Check Results for Package cmprskcoxmsm

Last updated on 2024-06-16 20:53:13 CEST.

Flavor Version Tinstall Tcheck Ttotal Status Flags
r-devel-linux-x86_64-debian-clang 0.2.1 14.07 139.99 154.06 OK
r-devel-linux-x86_64-debian-gcc 0.2.1 10.07 102.36 112.43 OK
r-devel-linux-x86_64-fedora-clang 0.2.1 192.35 OK
r-devel-linux-x86_64-fedora-gcc 0.2.1 194.86 OK
r-devel-windows-x86_64 0.2.1 12.00 134.00 146.00 OK
r-patched-linux-x86_64 0.2.1 10.15 134.18 144.33 OK
r-release-linux-x86_64 0.2.1 10.14 135.01 145.15 OK
r-release-macos-arm64 0.2.1 62.00 OK
r-release-macos-x86_64 0.2.1 115.00 OK
r-release-windows-x86_64 0.2.1 13.00 133.00 146.00 OK
r-oldrel-macos-arm64 0.2.1 73.00 OK
r-oldrel-macos-x86_64 0.2.1 109.00 NOTE
r-oldrel-windows-x86_64 0.2.1 16.00 153.00 169.00 OK

Check Details

Version: 0.2.1
Check: re-building of vignette outputs
Result: NOTE Error(s) in re-building vignettes: ... --- re-building ‘weight_cause_cox.rnw’ using Sweave Error: processing vignette 'weight_cause_cox.rnw' failed with diagnostics: Running 'texi2dvi' on 'weight_cause_cox.tex' failed. LaTeX errors: ! LaTeX Error: File `pgfplots.sty' not found. Type X to quit or <RETURN> to proceed, or enter new name. (Default extension: sty) ! Emergency stop. <read *> l.28 \pgfplotsset {compat=1.10}^^M ! ==> Fatal error occurred, no output PDF file produced! --- failed re-building ‘weight_cause_cox.rnw’ SUMMARY: processing the following file failed: ‘weight_cause_cox.rnw’ Error: Vignette re-building failed. Execution halted Flavor: r-oldrel-macos-x86_64