Last updated on 2023-12-05 18:49:19 CET.
Flavor | Version | Tinstall | Tcheck | Ttotal | Status | Flags |
---|---|---|---|---|---|---|
r-devel-linux-x86_64-debian-clang | 3.5.0 | 2.81 | 25.86 | 28.67 | OK | |
r-devel-linux-x86_64-debian-gcc | 3.5.0 | 1.63 | 20.23 | 21.86 | OK | |
r-devel-linux-x86_64-fedora-clang | 3.5.0 | 35.91 | NOTE | |||
r-devel-linux-x86_64-fedora-gcc | 3.5.0 | 35.88 | NOTE | |||
r-devel-windows-x86_64 | 3.5.0 | 5.00 | 46.00 | 51.00 | OK | |
r-patched-linux-x86_64 | 3.5.0 | 2.33 | 24.83 | 27.16 | OK | |
r-release-linux-x86_64 | 3.5.0 | 2.04 | 24.38 | 26.42 | OK | |
r-release-macos-arm64 | 3.5.0 | 19.00 | OK | |||
r-release-macos-x86_64 | 3.5.0 | 30.00 | OK | |||
r-release-windows-x86_64 | 3.5.0 | 5.00 | 45.00 | 50.00 | OK | |
r-oldrel-macos-arm64 | 3.5.0 | 22.00 | OK | |||
r-oldrel-macos-x86_64 | 3.5.0 | 30.00 | OK | |||
r-oldrel-windows-x86_64 | 3.5.0 | 6.00 | 50.00 | 56.00 | OK |
Version: 3.5.0
Check: dependencies in R code
Result: NOTE
Namespaces in Imports field not imported from:
‘FNN’ ‘R.utils’ ‘SearchTrees’ ‘colorspace’ ‘colourpicker’
‘data.table’ ‘maps’ ‘ncdf4’ ‘raster’ ‘shinyFiles’ ‘shinyWidgets’
‘shinyjs’ ‘shinythemes’ ‘tcltk’ ‘xml2’
All declared Imports should be used.
Flavors: r-devel-linux-x86_64-fedora-clang, r-devel-linux-x86_64-fedora-gcc