Last updated on 2023-12-05 18:49:19 CET.
Flavor | Version | Tinstall | Tcheck | Ttotal | Status | Flags |
---|---|---|---|---|---|---|
r-devel-linux-x86_64-debian-clang | 4.5.2 | 25.69 | 354.68 | 380.37 | OK | |
r-devel-linux-x86_64-debian-gcc | 4.5.2 | 23.16 | 258.85 | 282.01 | OK | |
r-devel-linux-x86_64-fedora-clang | 4.5.2 | 468.55 | OK | |||
r-devel-linux-x86_64-fedora-gcc | 4.5.2 | 456.98 | OK | |||
r-devel-windows-x86_64 | 4.5.2 | 25.00 | 261.00 | 286.00 | OK | |
r-patched-linux-x86_64 | 4.5.2 | 23.38 | 333.68 | 357.06 | ERROR | |
r-release-linux-x86_64 | 4.5.2 | 24.49 | 341.66 | 366.15 | OK | |
r-release-macos-arm64 | 4.5.2 | 139.00 | OK | |||
r-release-macos-x86_64 | 4.5.2 | 508.00 | OK | |||
r-release-windows-x86_64 | 4.5.2 | 33.00 | 329.00 | 362.00 | OK | |
r-oldrel-macos-arm64 | 4.5.2 | 148.00 | OK | |||
r-oldrel-macos-x86_64 | 4.5.1 | 159.00 | OK | |||
r-oldrel-windows-x86_64 | 4.5.2 | 32.00 | 307.00 | 339.00 | OK |
Version: 4.5.2
Check: re-building of vignette outputs
Result: ERROR
Error(s) in re-building vignettes:
...
--- re-building ‘cobalt.Rmd’ using rmarkdown
Quitting from lines 452-459 [unnamed-chunk-23] (cobalt.Rmd)
Error: processing vignette 'cobalt.Rmd' failed with diagnostics:
All weights are zero when treat is "black".
--- failed re-building ‘cobalt.Rmd’
--- re-building ‘longitudinal-treat.Rmd’ using rmarkdown
--- finished re-building ‘longitudinal-treat.Rmd’
--- re-building ‘love.plot.Rmd’ using rmarkdown
--- finished re-building ‘love.plot.Rmd’
--- re-building ‘optimizing-balance.Rmd’ using rmarkdown
--- finished re-building ‘optimizing-balance.Rmd’
--- re-building ‘other-packages.Rmd’ using rmarkdown
--- finished re-building ‘other-packages.Rmd’
--- re-building ‘segmented-data.Rmd’ using rmarkdown
--- finished re-building ‘segmented-data.Rmd’
SUMMARY: processing the following file failed:
‘cobalt.Rmd’
Error: Vignette re-building failed.
Execution halted
Flavor: r-patched-linux-x86_64