Last updated on 2023-12-09 18:54:12 CET.
Flavor | Version | Tinstall | Tcheck | Ttotal | Status | Flags |
---|---|---|---|---|---|---|
r-devel-linux-x86_64-debian-clang | 0.1.2 | 1.97 | 60.93 | 62.90 | NOTE | |
r-devel-linux-x86_64-debian-gcc | 0.1.2 | 1.44 | 46.49 | 47.93 | NOTE | |
r-devel-linux-x86_64-fedora-clang | 0.1.2 | 78.91 | OK | |||
r-devel-linux-x86_64-fedora-gcc | 0.1.2 | 91.46 | OK | |||
r-devel-windows-x86_64 | 0.1.2 | 3.00 | 66.00 | 69.00 | OK | |
r-patched-linux-x86_64 | 0.1.2 | 2.56 | 59.25 | 61.81 | OK | |
r-release-linux-x86_64 | 0.1.2 | 2.19 | 58.39 | 60.58 | OK | |
r-release-macos-arm64 | 0.1.2 | 37.00 | OK | |||
r-release-macos-x86_64 | 0.1.2 | 51.00 | OK | |||
r-release-windows-x86_64 | 0.1.2 | 4.00 | 72.00 | 76.00 | OK | |
r-oldrel-macos-arm64 | 0.1.2 | 27.00 | OK | |||
r-oldrel-macos-x86_64 | 0.1.2 | 36.00 | OK | |||
r-oldrel-windows-x86_64 | 0.1.2 | 5.00 | 76.00 | 81.00 | OK |
Version: 0.1.2
Check: Rd files
Result: NOTE
checkRd: (-1) educFM.Rd:22: Lost braces in \itemize; meant \describe ?
checkRd: (-1) educFM.Rd:23: Lost braces in \itemize; meant \describe ?
checkRd: (-1) educFM.Rd:24: Lost braces in \itemize; meant \describe ?
checkRd: (-1) educFM.Rd:25: Lost braces in \itemize; meant \describe ?
checkRd: (-1) educFM.Rd:26: Lost braces in \itemize; meant \describe ?
checkRd: (-1) educFM.Rd:27: Lost braces in \itemize; meant \describe ?
checkRd: (-1) educFM.Rd:28: Lost braces in \itemize; meant \describe ?
Flavors: r-devel-linux-x86_64-debian-clang, r-devel-linux-x86_64-debian-gcc