Last updated on 2023-12-01 18:50:52 CET.
Flavor | Version | Tinstall | Tcheck | Ttotal | Status | Flags |
---|---|---|---|---|---|---|
r-devel-linux-x86_64-debian-clang | 1.2.0 | 54.32 | 41.76 | 96.08 | WARN | |
r-devel-linux-x86_64-debian-gcc | 1.2.1 | 34.55 | 31.98 | 66.53 | OK | |
r-devel-linux-x86_64-fedora-clang | 1.2.1 | 148.41 | OK | |||
r-devel-linux-x86_64-fedora-gcc | 1.2.1 | 153.11 | OK | |||
r-devel-windows-x86_64 | 1.2.0 | 35.00 | 70.00 | 105.00 | OK | |
r-patched-linux-x86_64 | 1.2.0 | 45.59 | 41.69 | 87.28 | OK | |
r-release-linux-x86_64 | 1.2.0 | 38.85 | 41.97 | 80.82 | OK | |
r-release-macos-arm64 | 1.2.1 | 48.00 | OK | |||
r-release-macos-x86_64 | 1.2.0 | 76.00 | OK | |||
r-release-windows-x86_64 | 1.2.1 | 52.00 | 82.00 | 134.00 | OK | |
r-oldrel-macos-arm64 | 1.2.1 | 37.00 | OK | |||
r-oldrel-macos-x86_64 | 1.2.0 | 51.00 | OK | |||
r-oldrel-windows-x86_64 | 1.2.0 | 46.00 | 78.00 | 124.00 | OK |
Version: 1.2.0
Check: whether package can be installed
Result: WARN
Found the following significant warnings:
RcppExports.cpp:47:18: warning: format string is not a string literal (potentially insecure) [-Wformat-security]
RcppExports.cpp:82:18: warning: format string is not a string literal (potentially insecure) [-Wformat-security]
RcppExports.cpp:117:18: warning: format string is not a string literal (potentially insecure) [-Wformat-security]
RcppExports.cpp:153:18: warning: format string is not a string literal (potentially insecure) [-Wformat-security]
RcppExports.cpp:187:18: warning: format string is not a string literal (potentially insecure) [-Wformat-security]
RcppExports.cpp:223:18: warning: format string is not a string literal (potentially insecure) [-Wformat-security]
RcppExports.cpp:259:18: warning: format string is not a string literal (potentially insecure) [-Wformat-security]
RcppExports.cpp:294:18: warning: format string is not a string literal (potentially insecure) [-Wformat-security]
RcppExports.cpp:329:18: warning: format string is not a string literal (potentially insecure) [-Wformat-security]
RcppExports.cpp:367:18: warning: format string is not a string literal (potentially insecure) [-Wformat-security]
RcppExports.cpp:403:18: warning: format string is not a string literal (potentially insecure) [-Wformat-security]
RcppExports.cpp:439:18: warning: format string is not a string literal (potentially insecure) [-Wformat-security]
RcppExports.cpp:475:18: warning: format string is not a string literal (potentially insecure) [-Wformat-security]
RcppExports.cpp:511:18: warning: format string is not a string literal (potentially insecure) [-Wformat-security]
RcppExports.cpp:547:18: warning: format string is not a string literal (potentially insecure) [-Wformat-security]
RcppExports.cpp:585:18: warning: format string is not a string literal (potentially insecure) [-Wformat-security]
RcppExports.cpp:623:18: warning: format string is not a string literal (potentially insecure) [-Wformat-security]
RcppExports.cpp:661:18: warning: format string is not a string literal (potentially insecure) [-Wformat-security]
RcppExports.cpp:699:18: warning: format string is not a string literal (potentially insecure) [-Wformat-security]
RcppExports.cpp:737:18: warning: format string is not a string literal (potentially insecure) [-Wformat-security]
RcppExports.cpp:773:18: warning: format string is not a string literal (potentially insecure) [-Wformat-security]
RcppExports.cpp:809:18: warning: format string is not a string literal (potentially insecure) [-Wformat-security]
RcppExports.cpp:846:18: warning: format string is not a string literal (potentially insecure) [-Wformat-security]
RcppExports.cpp:882:18: warning: format string is not a string literal (potentially insecure) [-Wformat-security]
See ‘/home/hornik/tmp/R.check/r-devel-clang/Work/PKGS/coga.Rcheck/00install.out’ for details.
* used C compiler: ‘Debian clang version 17.0.5 (1)’
* used C++ compiler: ‘Debian clang version 17.0.5 (1)’
Flavor: r-devel-linux-x86_64-debian-clang