CRAN Package Check Results for Package coin

Last updated on 2023-09-24 21:04:40 CEST.

Flavor Version Tinstall Tcheck Ttotal Status Flags
r-devel-linux-x86_64-debian-clang 1.4-2 21.29 329.45 350.74 OK
r-devel-linux-x86_64-debian-gcc 1.4-2 16.97 257.31 274.28 OK
r-devel-linux-x86_64-fedora-clang 1.4-2 430.17 OK
r-devel-linux-x86_64-fedora-gcc 1.4-2 459.36 OK
r-devel-windows-x86_64 1.4-2 22.00 405.00 427.00 OK
r-patched-linux-x86_64 1.4-2 22.41 326.09 348.50 OK
r-release-linux-x86_64 1.4-2 18.47 328.20 346.67 OK
r-release-macos-arm64 1.4-2 177.00 OK
r-release-macos-x86_64 1.4-2 250.00 NOTE
r-release-windows-x86_64 1.4-2 24.00 421.00 445.00 OK
r-oldrel-macos-arm64 1.4-2 148.00 OK
r-oldrel-macos-x86_64 1.4-2 195.00 OK
r-oldrel-windows-x86_64 1.4-2 25.00 423.00 448.00 OK

Additional issues

Intel M1mac

Check Details

Version: 1.4-2
Check: re-building of vignette outputs
Result: NOTE
    Error(s) in re-building vignettes:
    --- re-building ‘Implementation.Rnw’ using Sweave
    Loading required package: survival
    Loading required package: grid
    --- finished re-building ‘Implementation.Rnw’
    
    --- re-building ‘LegoCondInf.Rnw’ using Sweave
    Loading required package: coin
    Loading required package: survival
    Error: processing vignette 'LegoCondInf.Rnw' failed with diagnostics:
    Running 'texi2dvi' on 'LegoCondInf.tex' failed.
    LaTeX errors:
    ! LaTeX Error: File `relsize.sty' not found.
    
    Type X to quit or <RETURN> to proceed,
    or enter new name. (Default extension: sty)
    
    ! Emergency stop.
    <read *>
    
    l.77 ^^M
    
    ! ==> Fatal error occurred, no output PDF file produced!
    --- failed re-building ‘LegoCondInf.Rnw’
    
    --- re-building ‘MAXtest.Rnw’ using Sweave
    Loading required package: survival
    --- finished re-building ‘MAXtest.Rnw’
    
    --- re-building ‘coin.Rnw’ using Sweave
    Loading required package: coin
    Loading required package: survival
    Warning in .local(object, ...) :
     p-values may be incorrect due to violation
     of the subset pivotality condition
    --- finished re-building ‘coin.Rnw’
    
    SUMMARY: processing the following file failed:
     ‘LegoCondInf.Rnw’
    
    Error: Vignette re-building failed.
    Execution halted
Flavor: r-release-macos-x86_64