CRAN Package Check Results for Package colocr

Last updated on 2024-02-28 18:50:31 CET.

Flavor Version Tinstall Tcheck Ttotal Status Flags
r-devel-linux-x86_64-debian-clang 0.1.1 6.33 170.46 176.79 NOTE
r-devel-linux-x86_64-debian-gcc 0.1.1 4.84 129.89 134.73 NOTE
r-devel-linux-x86_64-fedora-clang 0.1.1 240.41 NOTE
r-devel-linux-x86_64-fedora-gcc 0.1.1 266.00 NOTE
r-devel-windows-x86_64 0.1.1 7.00 227.00 234.00 NOTE
r-patched-linux-x86_64 0.1.1 9.56 168.96 178.52 NOTE
r-release-linux-x86_64 0.1.1 5.86 168.58 174.44 NOTE
r-release-macos-arm64 0.1.1 84.00 NOTE
r-release-macos-x86_64 0.1.1 136.00 NOTE
r-release-windows-x86_64 0.1.1 10.00 233.00 243.00 NOTE
r-oldrel-macos-arm64 0.1.1 70.00 NOTE
r-oldrel-windows-x86_64 0.1.1 9.00 231.00 240.00 NOTE

Check Details

Version: 0.1.1
Check: LazyData
Result: NOTE 'LazyData' is specified without a 'data' directory Flavors: r-devel-linux-x86_64-debian-clang, r-devel-linux-x86_64-debian-gcc, r-devel-linux-x86_64-fedora-clang, r-devel-linux-x86_64-fedora-gcc, r-devel-windows-x86_64, r-patched-linux-x86_64, r-release-linux-x86_64, r-release-macos-arm64, r-release-macos-x86_64, r-release-windows-x86_64, r-oldrel-macos-arm64, r-oldrel-windows-x86_64