CRAN Package Check Results for Package colorRamps

Last updated on 2024-02-23 18:54:56 CET.

Flavor Version Tinstall Tcheck Ttotal Status Flags
r-devel-linux-x86_64-debian-clang 2.3.1 WARN
r-devel-linux-x86_64-debian-gcc 2.3.1 1.52 16.23 17.75 WARN
r-devel-linux-x86_64-fedora-clang 2.3.1 29.35 WARN
r-devel-linux-x86_64-fedora-gcc 2.3.1 27.85 WARN
r-devel-windows-x86_64 2.3.1 3.00 36.00 39.00 WARN
r-patched-linux-x86_64 2.3.1 2.15 20.84 22.99 OK
r-release-linux-x86_64 2.3.1 1.90 20.45 22.35 OK
r-release-macos-arm64 2.3.1 15.00 OK
r-release-macos-x86_64 2.3.1 18.00 OK
r-release-windows-x86_64 2.3.1 3.00 36.00 39.00 OK
r-oldrel-macos-arm64 2.3.1 15.00 OK
r-oldrel-windows-x86_64 2.3.1 17.00 44.00 61.00 OK

Check Details

Version: 2.3.1
Check: examples
Result: WARN Found the following significant warnings: Warning in is.R() : 'is.R' is deprecated. Deprecated functions may be defunct as soon as of the next release of R. See ?Deprecated. Flavors: r-devel-linux-x86_64-debian-clang, r-devel-linux-x86_64-debian-gcc, r-devel-linux-x86_64-fedora-clang, r-devel-linux-x86_64-fedora-gcc, r-devel-windows-x86_64