CRAN Package Check Results for Package colorist

Last updated on 2024-06-13 20:49:04 CEST.

Flavor Version Tinstall Tcheck Ttotal Status Flags
r-devel-linux-x86_64-debian-clang 0.1.3 28.37 349.18 377.55 OK
r-devel-linux-x86_64-debian-gcc 0.1.3 0.50 1.88 2.38 ERROR
r-devel-linux-x86_64-fedora-clang 0.1.3 453.15 OK
r-devel-linux-x86_64-fedora-gcc 0.1.3 442.55 OK
r-devel-windows-x86_64 0.1.3 25.00 213.00 238.00 OK
r-patched-linux-x86_64 0.1.3 32.59 330.50 363.09 OK
r-release-linux-x86_64 0.1.3 27.72 323.65 351.37 OK
r-release-macos-arm64 0.1.3 108.00 OK
r-release-macos-x86_64 0.1.3 203.00 OK
r-release-windows-x86_64 0.1.3 26.00 213.00 239.00 OK
r-oldrel-macos-arm64 0.1.3 109.00 OK
r-oldrel-macos-x86_64 0.1.3 274.00 OK
r-oldrel-windows-x86_64 0.1.3 34.00 287.00 321.00 OK

Check Details

Version: 0.1.3
Check: package dependencies
Result: ERROR Packages required but not available: 'ggplot2', 'tidyr' Package suggested but not available for checking: ‘tigris’ See section ‘The DESCRIPTION file’ in the ‘Writing R Extensions’ manual. Flavor: r-devel-linux-x86_64-debian-gcc