CRAN Package Check Results for Package commonmark

Last updated on 2024-06-13 20:49:04 CEST.

Flavor Version Tinstall Tcheck Ttotal Status Flags
r-devel-linux-x86_64-debian-clang 1.9.1 18.59 22.93 41.52 OK
r-devel-linux-x86_64-debian-gcc 1.9.1 14.99 17.30 32.29 ERROR
r-devel-linux-x86_64-fedora-clang 1.9.1 47.95 OK
r-devel-linux-x86_64-fedora-gcc 1.9.1 62.58 OK
r-devel-windows-x86_64 1.9.1 25.00 43.00 68.00 OK
r-patched-linux-x86_64 1.9.1 19.78 21.73 41.51 OK
r-release-linux-x86_64 1.9.1 19.16 22.07 41.23 OK
r-release-macos-arm64 1.9.1 22.00 OK
r-release-macos-x86_64 1.9.1 28.00 OK
r-release-windows-x86_64 1.9.1 26.00 46.00 72.00 OK
r-oldrel-macos-arm64 1.9.1 42.00 OK
r-oldrel-macos-x86_64 1.9.1 72.00 OK
r-oldrel-windows-x86_64 1.9.1 24.00 48.00 72.00 OK

Check Details

Version: 1.9.1
Check: package dependencies
Result: NOTE Package suggested but not available for checking: ‘testthat’ Flavor: r-devel-linux-x86_64-debian-gcc

Version: 1.9.1
Check: tests
Result: ERROR Running ‘testthat.R’ [0s/1s] Running the tests in ‘tests/testthat.R’ failed. Complete output: > library(testthat) Error in library(testthat) : there is no package called 'testthat' Execution halted Flavor: r-devel-linux-x86_64-debian-gcc