CRAN Package Check Results for Package comprehenr

Last updated on 2024-02-24 18:54:46 CET.

Flavor Version Tinstall Tcheck Ttotal Status Flags
r-devel-linux-x86_64-debian-clang 0.6.10 1.36 26.01 27.37 NOTE
r-devel-linux-x86_64-debian-gcc 0.6.10 1.74 19.97 21.71 NOTE
r-devel-linux-x86_64-fedora-clang 0.6.10 35.40 NOTE
r-devel-linux-x86_64-fedora-gcc 0.6.10 45.43 NOTE
r-devel-windows-x86_64 0.6.10 2.00 43.00 45.00 NOTE
r-patched-linux-x86_64 0.6.10 2.24 25.00 27.24 NOTE
r-release-linux-x86_64 0.6.10 2.23 24.70 26.93 NOTE
r-release-macos-arm64 0.6.10 23.00 NOTE
r-release-macos-x86_64 0.6.10 29.00 NOTE
r-release-windows-x86_64 0.6.10 3.00 46.00 49.00 NOTE
r-oldrel-macos-arm64 0.6.10 17.00 NOTE
r-oldrel-windows-x86_64 0.6.10 5.00 47.00 52.00 NOTE

Check Details

Version: 0.6.10
Check: LazyData
Result: NOTE 'LazyData' is specified without a 'data' directory Flavors: r-devel-linux-x86_64-debian-clang, r-devel-linux-x86_64-debian-gcc, r-devel-linux-x86_64-fedora-clang, r-devel-linux-x86_64-fedora-gcc, r-devel-windows-x86_64, r-patched-linux-x86_64, r-release-linux-x86_64, r-release-macos-arm64, r-release-macos-x86_64, r-release-windows-x86_64, r-oldrel-macos-arm64, r-oldrel-windows-x86_64