Last updated on 2023-11-30 18:49:25 CET.
Flavor | Version | Tinstall | Tcheck | Ttotal | Status | Flags |
---|---|---|---|---|---|---|
r-devel-linux-x86_64-debian-clang | 1.0.5 | 537.94 | 219.20 | 757.14 | NOTE | |
r-devel-linux-x86_64-debian-gcc | 1.0.5 | 438.11 | 187.26 | 625.37 | NOTE | |
r-devel-linux-x86_64-fedora-clang | 1.0.5 | 935.64 | NOTE | |||
r-devel-linux-x86_64-fedora-gcc | 1.0.5 | 1183.38 | NOTE | |||
r-devel-windows-x86_64 | 1.0.5 | 376.00 | 199.00 | 575.00 | NOTE | |
r-patched-linux-x86_64 | 1.0.5 | 370.73 | 242.27 | 613.00 | NOTE | |
r-release-linux-x86_64 | 1.0.5 | 0.03 | 2.36 | 2.39 | ERROR | |
r-release-macos-arm64 | 1.0.5 | 250.00 | NOTE | |||
r-release-macos-x86_64 | 1.0.5 | 379.00 | NOTE | |||
r-release-windows-x86_64 | 1.0.5 | 513.00 | 261.00 | 774.00 | NOTE | |
r-oldrel-macos-arm64 | 1.0.5 | 198.00 | NOTE | |||
r-oldrel-macos-x86_64 | 1.0.5 | 290.00 | NOTE | |||
r-oldrel-windows-x86_64 | 1.0.5 | 482.00 | 242.00 | 724.00 | NOTE |
Version: 1.0.5
Check: for GNU extensions in Makefiles
Result: NOTE
GNU make is a SystemRequirements.
Flavors: r-devel-linux-x86_64-debian-clang, r-devel-linux-x86_64-debian-gcc, r-devel-linux-x86_64-fedora-clang, r-devel-linux-x86_64-fedora-gcc, r-devel-windows-x86_64, r-patched-linux-x86_64, r-release-macos-arm64, r-release-macos-x86_64, r-release-windows-x86_64, r-oldrel-macos-arm64, r-oldrel-macos-x86_64, r-oldrel-windows-x86_64
Version: 1.0.5
Check: installed package size
Result: NOTE
installed size is 6.1Mb
sub-directories of 1Mb or more:
libs 4.8Mb
Flavors: r-devel-linux-x86_64-fedora-clang, r-devel-windows-x86_64, r-release-macos-arm64, r-release-macos-x86_64, r-release-windows-x86_64, r-oldrel-macos-arm64, r-oldrel-macos-x86_64, r-oldrel-windows-x86_64
Version: 1.0.5
Check: whether package can be installed
Result: ERROR
Installation failed.
Flavor: r-release-linux-x86_64