Last updated on 2023-12-02 18:53:37 CET.
Flavor | Version | Tinstall | Tcheck | Ttotal | Status | Flags |
---|---|---|---|---|---|---|
r-devel-linux-x86_64-debian-clang | 0.1.6 | 2.94 | 42.66 | 45.60 | NOTE | |
r-devel-linux-x86_64-debian-gcc | 0.1.6 | 2.04 | 32.91 | 34.95 | NOTE | |
r-devel-linux-x86_64-fedora-clang | 0.1.6 | 58.09 | OK | |||
r-devel-linux-x86_64-fedora-gcc | 0.1.6 | 68.21 | OK | |||
r-devel-windows-x86_64 | 0.1.6 | 4.00 | 66.00 | 70.00 | OK | |
r-patched-linux-x86_64 | 0.1.6 | 3.84 | 42.22 | 46.06 | OK | |
r-release-linux-x86_64 | 0.1.6 | 2.51 | 42.09 | 44.60 | OK | |
r-release-macos-arm64 | 0.1.6 | 29.00 | OK | |||
r-release-macos-x86_64 | 0.1.6 | 44.00 | OK | |||
r-release-windows-x86_64 | 0.1.6 | 5.00 | 68.00 | 73.00 | OK | |
r-oldrel-macos-arm64 | 0.1.6 | 24.00 | OK | |||
r-oldrel-macos-x86_64 | 0.1.6 | 40.00 | OK | |||
r-oldrel-windows-x86_64 | 0.1.6 | 7.00 | 68.00 | 75.00 | OK |
Version: 0.1.6
Check: Rd files
Result: NOTE
checkRd: (-1) concstats_hhi.Rd:13: Lost braces; missing escapes or markup?
13 | value is required. Ranges from {0, 1} and often used for comparison over
| ^
Flavors: r-devel-linux-x86_64-debian-clang, r-devel-linux-x86_64-debian-gcc