CRAN Package Check Results for Package condformat

Last updated on 2024-06-13 20:49:04 CEST.

Flavor Version Tinstall Tcheck Ttotal Status Flags
r-devel-linux-x86_64-debian-clang 0.10.1 5.75 71.41 77.16 OK
r-devel-linux-x86_64-debian-gcc 0.10.1 0.44 1.71 2.15 ERROR
r-devel-linux-x86_64-fedora-clang 0.10.1 95.23 OK
r-devel-linux-x86_64-fedora-gcc 0.10.1 102.79 OK
r-devel-windows-x86_64 0.10.1 7.00 76.00 83.00 OK
r-patched-linux-x86_64 0.10.1 6.39 67.69 74.08 OK
r-release-linux-x86_64 0.10.1 5.29 67.36 72.65 OK
r-release-macos-arm64 0.10.1 35.00 OK
r-release-macos-x86_64 0.10.1 66.00 OK
r-release-windows-x86_64 0.10.1 8.00 76.00 84.00 OK
r-oldrel-macos-arm64 0.10.1 40.00 OK
r-oldrel-macos-x86_64 0.10.1 106.00 OK
r-oldrel-windows-x86_64 0.10.1 9.00 88.00 97.00 OK

Check Details

Version: 0.10.1
Check: package dependencies
Result: ERROR Packages required but not available: 'dplyr', 'htmlTable', 'tibble', 'tidyselect' Packages suggested but not available for checking: 'testthat', 'vdiffr' See section ‘The DESCRIPTION file’ in the ‘Writing R Extensions’ manual. Flavor: r-devel-linux-x86_64-debian-gcc