Last updated on 2023-12-05 18:49:19 CET.
Flavor | Version | Tinstall | Tcheck | Ttotal | Status | Flags |
---|---|---|---|---|---|---|
r-devel-linux-x86_64-debian-clang | 0.1.2 | 12.03 | 143.51 | 155.54 | OK | |
r-devel-linux-x86_64-debian-gcc | 0.1.2 | 9.32 | 101.29 | 110.61 | OK | |
r-devel-linux-x86_64-fedora-clang | 0.1.2 | 190.23 | OK | |||
r-devel-linux-x86_64-fedora-gcc | 0.1.2 | 187.20 | OK | |||
r-devel-windows-x86_64 | 0.1.2 | 12.00 | 120.00 | 132.00 | OK | |
r-patched-linux-x86_64 | 0.1.2 | 11.62 | 130.64 | 142.26 | OK | |
r-release-linux-x86_64 | 0.1.2 | 10.48 | 130.73 | 141.21 | OK | |
r-release-macos-arm64 | 0.1.2 | 66.00 | OK | |||
r-release-macos-x86_64 | 0.1.2 | 93.00 | NOTE | |||
r-release-windows-x86_64 | 0.1.2 | 14.00 | 139.00 | 153.00 | OK | |
r-oldrel-macos-arm64 | 0.1.2 | 55.00 | OK | |||
r-oldrel-macos-x86_64 | 0.1.2 | 73.00 | OK | |||
r-oldrel-windows-x86_64 | 0.1.2 | 17.00 | 143.00 | 160.00 | OK |
Version: 0.1.2
Check: package dependencies
Result: NOTE
Packages suggested but not available for checking:
'scagnostics', 'parsnip', 'C50', 'bartMachine', 'caret'
Flavor: r-release-macos-x86_64