Last updated on 2023-12-04 18:52:11 CET.
Flavor | Version | Tinstall | Tcheck | Ttotal | Status | Flags |
---|---|---|---|---|---|---|
r-devel-linux-x86_64-debian-clang | 1.1-2 | 6.89 | 72.07 | 78.96 | NOTE | |
r-devel-linux-x86_64-debian-gcc | 1.1-2 | 5.86 | 54.06 | 59.92 | NOTE | |
r-devel-linux-x86_64-fedora-clang | 1.1-2 | 98.23 | OK | |||
r-devel-linux-x86_64-fedora-gcc | 1.1-2 | 107.13 | OK | |||
r-devel-windows-x86_64 | 1.1-2 | 7.00 | 86.00 | 93.00 | OK | |
r-patched-linux-x86_64 | 1.1-2 | 7.01 | 68.58 | 75.59 | OK | |
r-release-linux-x86_64 | 1.1-2 | 6.61 | 68.56 | 75.17 | OK | |
r-release-macos-arm64 | 1.1-2 | 42.00 | OK | |||
r-release-macos-x86_64 | 1.1-2 | 72.00 | OK | |||
r-release-windows-x86_64 | 1.1-2 | 9.00 | 90.00 | 99.00 | OK | |
r-oldrel-macos-arm64 | 1.1-2 | 51.00 | OK | |||
r-oldrel-macos-x86_64 | 1.1-2 | 98.00 | OK | |||
r-oldrel-windows-x86_64 | 1.1-2 | 9.00 | 91.00 | 100.00 | OK |
Version: 1.1-2
Check: Rd files
Result: NOTE
checkRd: (-1) mya.Rd:18: Lost braces in \itemize; \value handles \item{}{} directly
checkRd: (-1) mya.Rd:19: Lost braces in \itemize; \value handles \item{}{} directly
checkRd: (-1) mya.Rd:20: Lost braces in \itemize; \value handles \item{}{} directly
checkRd: (-1) mya.Rd:21: Lost braces in \itemize; \value handles \item{}{} directly
checkRd: (-1) mya.Rd:22: Lost braces in \itemize; \value handles \item{}{} directly
Flavors: r-devel-linux-x86_64-debian-clang, r-devel-linux-x86_64-debian-gcc