Last updated on 2023-11-27 18:50:55 CET.
Flavor | Version | Tinstall | Tcheck | Ttotal | Status | Flags |
---|---|---|---|---|---|---|
r-devel-linux-x86_64-debian-clang | 0.4.1 | 17.13 | 52.87 | 70.00 | OK | |
r-devel-linux-x86_64-debian-gcc | 0.4.1 | 13.31 | 42.16 | 55.47 | OK | |
r-devel-linux-x86_64-fedora-clang | 0.4.1 | 88.92 | NOTE | |||
r-devel-linux-x86_64-fedora-gcc | 0.4.1 | 97.16 | NOTE | |||
r-devel-windows-x86_64 | 0.4.1 | 16.00 | 64.00 | 80.00 | OK | |
r-patched-linux-x86_64 | 0.4.1 | 10.88 | 50.72 | 61.60 | OK | |
r-release-linux-x86_64 | 0.4.1 | 10.66 | 51.11 | 61.77 | OK | |
r-release-macos-arm64 | 0.4.1 | 44.00 | OK | |||
r-release-macos-x86_64 | 0.4.1 | 66.00 | OK | |||
r-release-windows-x86_64 | 0.4.1 | 19.00 | 67.00 | 86.00 | OK | |
r-oldrel-macos-arm64 | 0.4.1 | 32.00 | OK | |||
r-oldrel-macos-x86_64 | 0.4.1 | 50.00 | OK | |||
r-oldrel-windows-x86_64 | 0.4.1 | 21.00 | 73.00 | 94.00 | OK |
Version: 0.4.1
Check: dependencies in R code
Result: NOTE
Namespace in Imports field not imported from: ‘devtools’
All declared Imports should be used.
Flavors: r-devel-linux-x86_64-fedora-clang, r-devel-linux-x86_64-fedora-gcc