CRAN Package Check Results for Package coronavirus

Last updated on 2024-06-13 20:49:04 CEST.

Flavor Version Tinstall Tcheck Ttotal Status Flags
r-devel-linux-x86_64-debian-clang 0.4.1 18.28 55.63 73.91 OK
r-devel-linux-x86_64-debian-gcc 0.4.1 0.61 1.88 2.49 ERROR
r-devel-linux-x86_64-fedora-clang 0.4.1 92.34 NOTE
r-devel-linux-x86_64-fedora-gcc 0.4.1 102.20 NOTE
r-devel-windows-x86_64 0.4.1 15.00 62.00 77.00 OK
r-patched-linux-x86_64 0.4.1 10.44 53.14 63.58 OK
r-release-linux-x86_64 0.4.1 10.48 52.47 62.95 OK
r-release-macos-arm64 0.4.1 38.00 OK
r-release-macos-x86_64 0.4.1 60.00 OK
r-release-windows-x86_64 0.4.1 15.00 63.00 78.00 OK
r-oldrel-macos-arm64 0.4.1 44.00 OK
r-oldrel-macos-x86_64 0.4.1 66.00 OK
r-oldrel-windows-x86_64 0.4.1 19.00 69.00 88.00 OK

Check Details

Version: 0.4.1
Check: package dependencies
Result: ERROR Package required but not available: ‘devtools’ Packages suggested but not available for checking: 'dplyr', 'plotly', 'readr', 'testthat' See section ‘The DESCRIPTION file’ in the ‘Writing R Extensions’ manual. Flavor: r-devel-linux-x86_64-debian-gcc

Version: 0.4.1
Check: dependencies in R code
Result: NOTE Namespace in Imports field not imported from: ‘devtools’ All declared Imports should be used. Flavors: r-devel-linux-x86_64-fedora-clang, r-devel-linux-x86_64-fedora-gcc